{"id":49809,"date":"2024-03-04T13:43:07","date_gmt":"2024-03-04T13:43:07","guid":{"rendered":"https:\/\/pfkeepers.com\/produto\/tropic-marin-pro-reef-sea-salt-25kg-750l-bucket\/"},"modified":"2026-04-19T00:08:24","modified_gmt":"2026-04-19T00:08:24","slug":"tropic-marin-pro-reef-sea-salt-25kg-750l-bucket","status":"publish","type":"product","link":"https:\/\/pfkeepers.com\/english\/product\/tropic-marin-pro-reef-sea-salt-25kg-750l-bucket\/","title":{"rendered":"Tropic Marin Pro Reef Sea Salt 25kg"},"content":{"rendered":"<p>**********LEVANTAMENTO EM LOJA ou Contactar para saber custo de Envio*******<\/p>\n<p>PRO-REEF SEA SALT Sal<br \/>\nmarinho especialmente para aqu\u00e1rios de recife modernos.<\/p>\n<p> O sal marinho Tropic Marin\u00ae PRO-REEF foi projetado para atender \u00e0s necessidades especiais dos aqu\u00e1rios de recife com concentra\u00e7\u00f5es otimizadas de c\u00e1lcio e magn\u00e9sio, que promovem o crescimento dos corais. O buffer mais baixo e o valor de pH correto servem para estabilizar os valores naturais da \u00e1gua e, principalmente, a dureza dos carbonatos, mesmo com o uso de reatores de c\u00e1lcio. Condi\u00e7\u00f5es naturais e est\u00e1veis \u200b\u200bpara a delicada vida marinha s\u00e3o alcan\u00e7adas apenas pelo equil\u00edbrio preciso de todos os fatores de influ\u00eancia. Com Tropic Marin\u00ae PRO-REEF voc\u00ea pode manter a alcalinidade em uma faixa de 7 a 8 \u00b0 dKH.<\/p>\n<p>Tropic Marin\u00ae PRO-REEF \u00e9, portanto, a base ideal para o cuidado e o crescimento de peixes, corais e outros invertebrados aqu\u00e1ticos em aqu\u00e1rios de recife modernos. Use \u00e1gua do mar preparada com Tropic Marin\u00ae PRO-REEF para mudan\u00e7as regulares de \u00e1gua em seu aqu\u00e1rio de \u00e1gua do mar, para iniciar um novo aqu\u00e1rio e para reequilibrar o pH de um tanque.<br \/>\nBenef\u00edcios<br \/>\n\u2022 Projetado para atender \u00e0s necessidades especiais dos modernos aqu\u00e1rios de recife com maiores necessidades de c\u00e1lcio.<br \/>\n\u2022 Otimiza as concentra\u00e7\u00f5es de c\u00e1lcio e magn\u00e9sio, bem como alcalinidade e pH.<br \/>\n\u2022 Especialmente adequado para uso de reatores de c\u00e1lcio ou aditivos minerais.<br \/>\n\u2022 Para manter a alcalinidade na faixa de 7 a 8 \u00b0 dKH.<br \/>\n\u2022 Solubilidade r\u00e1pida e completa em \u00e1gua.<br \/>\n\u2022 Livre de nitratos, fosfatos e outros produtos qu\u00edmicos indesejados.<br \/>\n\u2022 Fabricado com sais puros de qualidade farmac\u00eautica.<br \/>\n\u2022 Base ideal para o cuidado e crescimento de peixes, corais e outros invertebrados aqu\u00e1ticos em aqu\u00e1rios de recife modernos.<\/p>\n<p>Ingredientes<br \/>\nTropic Marin\u00ae PRO-REEF cont\u00e9m todos os elementos maiores e menores nas propor\u00e7\u00f5es exatas encontradas na \u00e1gua do mar tropical.<\/p>\n<p>Elementos principais:<\/p>\n<p>C\u00e1lcio; Cloro; Magn\u00e9sio; Pot\u00e1ssio; S\u00f3dio; Enxofre.<\/p>\n<p>Vestigios:<\/p>\n<p>Alum\u00ednio; Antim\u00f4nio; Ars\u00eanico; B\u00e1rio; Ber\u00edlio; Bismuto; Boro; Bromo; C\u00e1dmio; C\u00e9sio; Carbono; C\u00e9rio; Cromo; Cobalto; Cobre; Dispr\u00f3sio; Erbium; Europium; Fl\u00faor; Gadol\u00ednio; G\u00e1lio; Germ\u00e2nio; Ouro; H\u00e1fnio; Holmium; \u00cdndio; Iodo; Iridium; Ferro; Lant\u00e2nio; Conduzir; L\u00edtio; Lut\u00e9cio; Mangan\u00eas; Merc\u00fario; Molibd\u00eanio; Neod\u00edmio; N\u00edquel; Ni\u00f3bio; Azoto; \u00d3smio; Pal\u00e1dio; Platina; Praseod\u00edmio; R\u00eanio; R\u00f3dio; Rub\u00eddio; Rut\u00eanio; Sam\u00e1rio; Esc\u00e2ndio; Sel\u00eanio; Sil\u00edcio; Prata; Estr\u00f4ncio; T\u00e2ntalo; Tel\u00fario; T\u00e9rbio; T\u00e1lio; T\u00f3rio; T\u00falio; Lata; Tit\u00e2nio; Tungst\u00eanio; Van\u00e1dio; It\u00e9rbio; \u00cdtrio; Zinco; Zirc\u00f4nio.<\/p>","protected":false},"excerpt":{"rendered":"<p>**********LEVANTAMENTO EM LOJA ou Contactar para saber custo de Envio******* PRO-REEF SEA SALT Sal marinho especialmente para aqu\u00e1rios de recife modernos. O sal marinho Tropic Marin\u00ae PRO-REEF foi projetado para atender \u00e0s necessidades especiais dos aqu\u00e1rios de recife com concentra\u00e7\u00f5es otimizadas de c\u00e1lcio e magn\u00e9sio, que promovem o crescimento dos corais. O buffer mais baixo &hellip;<\/p>\n<p class=\"read-more\"> <a class=\"\" href=\"https:\/\/pfkeepers.com\/english\/product\/tropic-marin-pro-reef-sea-salt-25kg-750l-bucket\/\"> <span class=\"screen-reader-text\">Tropic Marin Pro Reef Sea Salt 25kg<\/span> Read More &raquo;<\/a><\/p>","protected":false},"featured_media":49810,"template":"","meta":{"site-sidebar-layout":"default","site-content-layout":"","ast-site-content-layout":"default","site-content-style":"default","site-sidebar-style":"default","ast-global-header-display":"","ast-banner-title-visibility":"","ast-main-header-display":"","ast-hfb-above-header-display":"","ast-hfb-below-header-display":"","ast-hfb-mobile-header-display":"","site-post-title":"","ast-breadcrumbs-content":"","ast-featured-img":"","footer-sml-layout":"","theme-transparent-header-meta":"default","adv-header-id-meta":"","stick-header-meta":"","header-above-stick-meta":"","header-main-stick-meta":"","header-below-stick-meta":"","astra-migrate-meta-layouts":"set"},"product_cat":[1362],"product_tag":[1062],"_links":{"self":[{"href":"https:\/\/pfkeepers.com\/english\/wp-json\/wp\/v2\/product\/49809"}],"collection":[{"href":"https:\/\/pfkeepers.com\/english\/wp-json\/wp\/v2\/product"}],"about":[{"href":"https:\/\/pfkeepers.com\/english\/wp-json\/wp\/v2\/types\/product"}],"wp:featuredmedia":[{"embeddable":true,"href":"https:\/\/pfkeepers.com\/english\/wp-json\/wp\/v2\/media\/49810"}],"wp:attachment":[{"href":"https:\/\/pfkeepers.com\/english\/wp-json\/wp\/v2\/media?parent=49809"}],"wp:term":[{"taxonomy":"product_cat","embeddable":true,"href":"https:\/\/pfkeepers.com\/english\/wp-json\/wp\/v2\/product_cat?post=49809"},{"taxonomy":"product_tag","embeddable":true,"href":"https:\/\/pfkeepers.com\/english\/wp-json\/wp\/v2\/product_tag?post=49809"}],"curies":[{"name":"wp","href":"https:\/\/api.w.org\/{rel}","templated":true}]}}