{"id":49699,"date":"2024-03-04T13:39:29","date_gmt":"2024-03-04T13:39:29","guid":{"rendered":"https:\/\/pfkeepers.com\/produto\/polyp-lab-medic-reef-safe-medication-33g\/"},"modified":"2025-06-28T16:29:13","modified_gmt":"2025-06-28T16:29:13","slug":"polyp-lab-medic-reef-safe-medication-33g","status":"publish","type":"product","link":"https:\/\/pfkeepers.com\/english\/product\/polyp-lab-medic-reef-safe-medication-33g\/","title":{"rendered":"Polyp Lab MEDIC &#8211; Reef Safe Medication 33g"},"content":{"rendered":"<p>Medicamento para parasitas externos em peixes de \u00e1gua doce e salgada. Cont\u00e9m um agente oxidante \u201creef-safe\u201d e \u00e9 particularmente eficaz contra o ictio (ponto branco) \u2013 Crytopocaryon Irritans e \u201cmarine velvet\u201d &#8211; Amyloodinium ocellatum. N\u00e3o \u00e9 nocivo para invertebrados e bact\u00e9rias nitrificantes.<\/p>\n<p>Para tratamento no aqu\u00e1rio: utilizar uma colher de Medic para cada 190L, duas vezes por dia. Para casos mais graves utilizar at\u00e9 3 colheres para 190L. Dosear uma vez de manh\u00e3 e uma vez ao final do dia. Continuar a dosear at\u00e9 10 dias, no m\u00e1ximo durante 20 dias.<\/p>\n<p>Nota: o ozonizador e o carv\u00e3o n\u00e3o devem ser utilizados durante o tratamento. O escumador pode ser utilizado normalmente. O esterilizador UV pode ser ligado uma hora ap\u00f3s o tratamento. Mesmo ap\u00f3s desaparecimento dos pontos brancos o tratamento deve ser continuado at\u00e9 fazer os 10 dias, para assegurar o ciclo de vida do parasita. Ap\u00f3s completar o tratamento utilizar carv\u00e3o ativo durante 2 a 3 dias. <\/p>","protected":false},"excerpt":{"rendered":"<p>Medicamento para parasitas externos em peixes de \u00e1gua doce e salgada. Cont\u00e9m um agente oxidante \u201creef-safe\u201d e \u00e9 particularmente eficaz contra o ictio (ponto branco) \u2013 Crytopocaryon Irritans e \u201cmarine velvet\u201d &#8211; Amyloodinium ocellatum. N\u00e3o \u00e9 nocivo para invertebrados e bact\u00e9rias nitrificantes. Para tratamento no aqu\u00e1rio: utilizar uma colher de Medic para cada 190L, duas &hellip;<\/p>\n<p class=\"read-more\"> <a class=\"\" href=\"https:\/\/pfkeepers.com\/english\/product\/polyp-lab-medic-reef-safe-medication-33g\/\"> <span class=\"screen-reader-text\">Polyp Lab MEDIC &#8211; Reef Safe Medication 33g<\/span> Read More &raquo;<\/a><\/p>","protected":false},"featured_media":49700,"template":"","meta":{"site-sidebar-layout":"default","site-content-layout":"","ast-site-content-layout":"","site-content-style":"default","site-sidebar-style":"default","ast-global-header-display":"","ast-banner-title-visibility":"","ast-main-header-display":"","ast-hfb-above-header-display":"","ast-hfb-below-header-display":"","ast-hfb-mobile-header-display":"","site-post-title":"","ast-breadcrumbs-content":"","ast-featured-img":"","footer-sml-layout":"","theme-transparent-header-meta":"","adv-header-id-meta":"","stick-header-meta":"","header-above-stick-meta":"","header-main-stick-meta":"","header-below-stick-meta":"","astra-migrate-meta-layouts":""},"product_cat":[1394],"product_tag":[999],"_links":{"self":[{"href":"https:\/\/pfkeepers.com\/english\/wp-json\/wp\/v2\/product\/49699"}],"collection":[{"href":"https:\/\/pfkeepers.com\/english\/wp-json\/wp\/v2\/product"}],"about":[{"href":"https:\/\/pfkeepers.com\/english\/wp-json\/wp\/v2\/types\/product"}],"wp:featuredmedia":[{"embeddable":true,"href":"https:\/\/pfkeepers.com\/english\/wp-json\/wp\/v2\/media\/49700"}],"wp:attachment":[{"href":"https:\/\/pfkeepers.com\/english\/wp-json\/wp\/v2\/media?parent=49699"}],"wp:term":[{"taxonomy":"product_cat","embeddable":true,"href":"https:\/\/pfkeepers.com\/english\/wp-json\/wp\/v2\/product_cat?post=49699"},{"taxonomy":"product_tag","embeddable":true,"href":"https:\/\/pfkeepers.com\/english\/wp-json\/wp\/v2\/product_tag?post=49699"}],"curies":[{"name":"wp","href":"https:\/\/api.w.org\/{rel}","templated":true}]}}