{"id":49593,"date":"2024-03-04T13:36:25","date_gmt":"2024-03-04T13:36:25","guid":{"rendered":"https:\/\/pfkeepers.com\/produto\/powder-blue-tang-md-acanthurus-leucosternon\/"},"modified":"2026-04-19T00:04:43","modified_gmt":"2026-04-19T00:04:43","slug":"powder-blue-tang-md-acanthurus-leucosternon","status":"publish","type":"product","link":"https:\/\/pfkeepers.com\/english\/product\/powder-blue-tang-md-acanthurus-leucosternon\/","title":{"rendered":"Powder Blue Tang (MD) &#8211; Acanthurus leucosternon"},"content":{"rendered":"<p>N\u00edvel de cuidado: moderado<\/p>\n<p>Temperamento: Semi-agressivo<\/p>\n<p>Forma de cor: azul<\/p>\n<p>Dieta: Herb\u00edvoro<\/p>\n<p>Compat\u00edvel com recife: Sim<\/p>\n<p>Condi\u00e7\u00f5es da \u00e1gua: 72-78 \u00b0 F, dKH 8-12, pH 8,1-8,4, sg 1,020-1,025<\/p>\n<p>Origem: \u00c1frica, Maldivas<\/p>\n<p>Fam\u00edlia: Acanthuridae<\/p>\n<p>O Powder Blue Tang, tamb\u00e9m conhecido como Powder Blue Surgeonfish, tem um corpo oval com marca\u00e7\u00f5es extremamente coloridas e ousadas. \u00c9 valorizado por suas cores vivas e marca\u00e7\u00f5es ousadas, com v\u00e1rios tons variados de azul acentuados por amarelo e branco. Amarelo brilhante destaca as barbatanas dorsal e peitorais, e marcantes marca\u00e7\u00f5es preto-azuladas contornam a face e a cauda.<br \/>\nUm aqu\u00e1rio de 125 gal\u00f5es ou maior \u00e9 necess\u00e1rio para fornecer bastante espa\u00e7o para a nata\u00e7\u00e3o. \u00c9 extremamente agressivo com outros Tangs ou Surgeonfish, especialmente aqueles semelhantes em forma e cor, e deve ser o \u00fanico no tanque, exceto em sistemas muito grandes: introduza tudo de uma vez se mais de um for mantido no mesmo aqu\u00e1rio.<\/p>\n<p>Embora os Tangs comam alimentos carnudos junto com os outros peixes do aqu\u00e1rio, \u00e9 importante que eles recebam muitas algas e algas de origem marinha. Isso fortalecer\u00e1 seu sistema imunol\u00f3gico, reduzir\u00e1 a agressividade e melhorar\u00e1 sua sa\u00fade geral. Ofere\u00e7a algas secas amarradas a uma rocha ou use um clipe de vegetais e alimente pelo menos 3 vezes por semana. Legumes do Mar, Salada de Algas Marinhas e Nutri\u00e7\u00e3o Oce\u00e2nica s\u00e3o produtos ideais e muito f\u00e1ceis de usar.<\/p>","protected":false},"excerpt":{"rendered":"<p>N\u00edvel de cuidado: moderado Temperamento: Semi-agressivo Forma de cor: azul Dieta: Herb\u00edvoro Compat\u00edvel com recife: Sim Condi\u00e7\u00f5es da \u00e1gua: 72-78 \u00b0 F, dKH 8-12, pH 8,1-8,4, sg 1,020-1,025 Origem: \u00c1frica, Maldivas Fam\u00edlia: Acanthuridae O Powder Blue Tang, tamb\u00e9m conhecido como Powder Blue Surgeonfish, tem um corpo oval com marca\u00e7\u00f5es extremamente coloridas e ousadas. \u00c9 valorizado &hellip;<\/p>\n<p class=\"read-more\"> <a class=\"\" href=\"https:\/\/pfkeepers.com\/english\/product\/powder-blue-tang-md-acanthurus-leucosternon\/\"> <span class=\"screen-reader-text\">Powder Blue Tang (MD) &#8211; Acanthurus leucosternon<\/span> Read More &raquo;<\/a><\/p>","protected":false},"featured_media":49594,"template":"","meta":{"site-sidebar-layout":"default","site-content-layout":"","ast-site-content-layout":"","site-content-style":"default","site-sidebar-style":"default","ast-global-header-display":"","ast-banner-title-visibility":"","ast-main-header-display":"","ast-hfb-above-header-display":"","ast-hfb-below-header-display":"","ast-hfb-mobile-header-display":"","site-post-title":"","ast-breadcrumbs-content":"","ast-featured-img":"","footer-sml-layout":"","theme-transparent-header-meta":"","adv-header-id-meta":"","stick-header-meta":"","header-above-stick-meta":"","header-main-stick-meta":"","header-below-stick-meta":"","astra-migrate-meta-layouts":""},"product_cat":[1355],"product_tag":[1028],"_links":{"self":[{"href":"https:\/\/pfkeepers.com\/english\/wp-json\/wp\/v2\/product\/49593"}],"collection":[{"href":"https:\/\/pfkeepers.com\/english\/wp-json\/wp\/v2\/product"}],"about":[{"href":"https:\/\/pfkeepers.com\/english\/wp-json\/wp\/v2\/types\/product"}],"wp:featuredmedia":[{"embeddable":true,"href":"https:\/\/pfkeepers.com\/english\/wp-json\/wp\/v2\/media\/49594"}],"wp:attachment":[{"href":"https:\/\/pfkeepers.com\/english\/wp-json\/wp\/v2\/media?parent=49593"}],"wp:term":[{"taxonomy":"product_cat","embeddable":true,"href":"https:\/\/pfkeepers.com\/english\/wp-json\/wp\/v2\/product_cat?post=49593"},{"taxonomy":"product_tag","embeddable":true,"href":"https:\/\/pfkeepers.com\/english\/wp-json\/wp\/v2\/product_tag?post=49593"}],"curies":[{"name":"wp","href":"https:\/\/api.w.org\/{rel}","templated":true}]}}