{"id":49580,"date":"2024-03-04T13:36:05","date_gmt":"2024-03-04T13:36:05","guid":{"rendered":"https:\/\/pfkeepers.com\/produto\/planorbarius-corneus-planorbis-snail\/"},"modified":"2026-04-19T00:04:20","modified_gmt":"2026-04-19T00:04:20","slug":"planorbarius-corneus-planorbis-snail","status":"publish","type":"product","link":"https:\/\/pfkeepers.com\/english\/product\/planorbarius-corneus-planorbis-snail\/","title":{"rendered":"Planorbarius corneus &#8211; Planorbis Snail"},"content":{"rendered":"<p>Esp\u00e9cie: Planorbarius corneus, var. vermelha.<\/p>\n<p>Tamanho dispon\u00edvel &#8211; Variado<\/p>\n<p>Tamanho m\u00e1ximo: 2 cm<\/p>\n<p>Temperatura: 23-27\u00baC<\/p>\n<p>pH: 6.8 &#8211; 7.5<\/p>\n<p>Dieta:  omn\u00edvoro, plantas em decomposi\u00e7\u00e3o, algas, ra\u00e7\u00e3o, etc. N\u00e3o atacam as plantas saud\u00e1veis.<\/p>\n<p>Comportamento: Pac\u00edfico.<\/p>","protected":false},"excerpt":{"rendered":"<p>Esp\u00e9cie: Planorbarius corneus, var. vermelha. Tamanho dispon\u00edvel &#8211; Variado Tamanho m\u00e1ximo: 2 cm Temperatura: 23-27\u00baC pH: 6.8 &#8211; 7.5 Dieta: omn\u00edvoro, plantas em decomposi\u00e7\u00e3o, algas, ra\u00e7\u00e3o, etc. N\u00e3o atacam as plantas saud\u00e1veis. Comportamento: Pac\u00edfico.<\/p>","protected":false},"featured_media":49581,"template":"","meta":{"site-sidebar-layout":"default","site-content-layout":"","ast-site-content-layout":"","site-content-style":"default","site-sidebar-style":"default","ast-global-header-display":"","ast-banner-title-visibility":"","ast-main-header-display":"","ast-hfb-above-header-display":"","ast-hfb-below-header-display":"","ast-hfb-mobile-header-display":"","site-post-title":"","ast-breadcrumbs-content":"","ast-featured-img":"","footer-sml-layout":"","theme-transparent-header-meta":"","adv-header-id-meta":"","stick-header-meta":"","header-above-stick-meta":"","header-main-stick-meta":"","header-below-stick-meta":"","astra-migrate-meta-layouts":""},"product_cat":[1368],"product_tag":[],"_links":{"self":[{"href":"https:\/\/pfkeepers.com\/english\/wp-json\/wp\/v2\/product\/49580"}],"collection":[{"href":"https:\/\/pfkeepers.com\/english\/wp-json\/wp\/v2\/product"}],"about":[{"href":"https:\/\/pfkeepers.com\/english\/wp-json\/wp\/v2\/types\/product"}],"wp:featuredmedia":[{"embeddable":true,"href":"https:\/\/pfkeepers.com\/english\/wp-json\/wp\/v2\/media\/49581"}],"wp:attachment":[{"href":"https:\/\/pfkeepers.com\/english\/wp-json\/wp\/v2\/media?parent=49580"}],"wp:term":[{"taxonomy":"product_cat","embeddable":true,"href":"https:\/\/pfkeepers.com\/english\/wp-json\/wp\/v2\/product_cat?post=49580"},{"taxonomy":"product_tag","embeddable":true,"href":"https:\/\/pfkeepers.com\/english\/wp-json\/wp\/v2\/product_tag?post=49580"}],"curies":[{"name":"wp","href":"https:\/\/api.w.org\/{rel}","templated":true}]}}