{"id":49398,"date":"2024-03-04T13:30:27","date_gmt":"2024-03-04T13:30:27","guid":{"rendered":"https:\/\/pfkeepers.com\/produto\/seahorse-kuda-tank-bred-hippocampus-kuda\/"},"modified":"2026-04-19T00:01:49","modified_gmt":"2026-04-19T00:01:49","slug":"seahorse-kuda-tank-bred-hippocampus-kuda","status":"publish","type":"product","link":"https:\/\/pfkeepers.com\/english\/product\/seahorse-kuda-tank-bred-hippocampus-kuda\/","title":{"rendered":"Cavalo Marinho Raiado &#8211; Hippocampus erectus (Tank Bred)"},"content":{"rendered":"<p>N\u00edvel de Cuidados: Dif\u00edcil<\/p>\n<p>Temperamento: Pac\u00edfico<\/p>\n<p>Colora\u00e7\u00e3o: Cinzento, Castanho, Preto<\/p>\n<p>Dieta: Carn\u00edvoro<\/p>\n<p>Compat\u00edvel com Corais:  Com Precau\u00e7\u00e3o<\/p>\n<p>Par\u00e2metros: 1.020-1-025sg 22-26\u00baC 8-12dKH 8.1-8.4<\/p>\n<p>Tamanho M\u00e1ximo: 20cm<\/p>","protected":false},"excerpt":{"rendered":"<p>N\u00edvel de Cuidados: Dif\u00edcil Temperamento: Pac\u00edfico Colora\u00e7\u00e3o: Cinzento, Castanho, Preto Dieta: Carn\u00edvoro Compat\u00edvel com Corais: Com Precau\u00e7\u00e3o Par\u00e2metros: 1.020-1-025sg 22-26\u00baC 8-12dKH 8.1-8.4 Tamanho M\u00e1ximo: 20cm<\/p>","protected":false},"featured_media":49399,"template":"","meta":{"site-sidebar-layout":"default","site-content-layout":"","ast-site-content-layout":"default","site-content-style":"default","site-sidebar-style":"default","ast-global-header-display":"","ast-banner-title-visibility":"","ast-main-header-display":"","ast-hfb-above-header-display":"","ast-hfb-below-header-display":"","ast-hfb-mobile-header-display":"","site-post-title":"","ast-breadcrumbs-content":"","ast-featured-img":"","footer-sml-layout":"","theme-transparent-header-meta":"default","adv-header-id-meta":"","stick-header-meta":"","header-above-stick-meta":"","header-main-stick-meta":"","header-below-stick-meta":"","astra-migrate-meta-layouts":"set"},"product_cat":[1355],"product_tag":[1028],"_links":{"self":[{"href":"https:\/\/pfkeepers.com\/english\/wp-json\/wp\/v2\/product\/49398"}],"collection":[{"href":"https:\/\/pfkeepers.com\/english\/wp-json\/wp\/v2\/product"}],"about":[{"href":"https:\/\/pfkeepers.com\/english\/wp-json\/wp\/v2\/types\/product"}],"wp:featuredmedia":[{"embeddable":true,"href":"https:\/\/pfkeepers.com\/english\/wp-json\/wp\/v2\/media\/49399"}],"wp:attachment":[{"href":"https:\/\/pfkeepers.com\/english\/wp-json\/wp\/v2\/media?parent=49398"}],"wp:term":[{"taxonomy":"product_cat","embeddable":true,"href":"https:\/\/pfkeepers.com\/english\/wp-json\/wp\/v2\/product_cat?post=49398"},{"taxonomy":"product_tag","embeddable":true,"href":"https:\/\/pfkeepers.com\/english\/wp-json\/wp\/v2\/product_tag?post=49398"}],"curies":[{"name":"wp","href":"https:\/\/api.w.org\/{rel}","templated":true}]}}