{"id":49391,"date":"2024-03-04T13:30:13","date_gmt":"2024-03-04T13:30:13","guid":{"rendered":"https:\/\/pfkeepers.com\/produto\/dragon-wrasse-west-ind-ocean-juvemille-novaculichthys-taeniourus\/"},"modified":"2025-02-27T20:19:48","modified_gmt":"2025-02-27T20:19:48","slug":"dragon-wrasse-west-ind-ocean-juvemille-novaculichthys-taeniourus","status":"publish","type":"product","link":"https:\/\/pfkeepers.com\/english\/product\/dragon-wrasse-west-ind-ocean-juvemille-novaculichthys-taeniourus\/","title":{"rendered":"Dragon Wrasse &#8211; West Ind. Ocean (Juvenille)  &#8211; Novaculichthys taeniourus"},"content":{"rendered":"<p>N\u00edvel de cuidados: Moderado<\/p>\n<p>Temperamento: Semi-agressivo<\/p>\n<p>Dieta: Carn\u00edvoro<\/p>\n<p>Compat\u00edvel com recife: N\u00e3o<\/p>\n<p>Condi\u00e7\u00f5es da \u00e1gua: 72-78\u00b0 F, dKH 8-12, pH 8,1-8,4, sg 1,020-1,025<\/p>\n<p>Origem: Fiji, Havai<\/p>\n<p>Fam\u00edlia: Labridae<\/p>\n<p>O Bodi\u00e3o-drag\u00e3o \u00e9 tamb\u00e9m conhecido como Bodi\u00e3o-mover-rochas. A colora\u00e7\u00e3o do corpo juvenil pode variar de castanho a verde com manchas brancas. As barbatanas s\u00e3o tamb\u00e9m not\u00e1veis \u200b\u200bna sua apar\u00eancia, especialmente os dois primeiros espinhos dorsais que formam um &#8220;lombo de vaca&#8221;. O adulto n\u00e3o possui grandes espinhos dorsais e tem o corpo azul-claro a verde com impressionantes marcas mais escuras.<br \/>\nDeve ficar num aqu\u00e1rio de 180 litros ou maior, com um fundo de areia de 5 a 10 cm, no qual possa submergir, uma vez que dorme na areia. Pode ser mantido com peixes agressivos ou maiores do que ele, mas deve ser alojado com peixes mais passivos quando jovem, mantendo apenas um por aqu\u00e1rio. N\u00e3o deve ser colocado em aqu\u00e1rios de recife. \u00c0 medida que o bodi\u00e3o-drag\u00e3o amadurece, come crust\u00e1ceos, carac\u00f3is, camar\u00f5es, estrelas-do-mar, peixes mais pequenos, vermes e outros invertebrados. Tamb\u00e9m move os corais e reorganiza as rochas no aqu\u00e1rio para encontrar alimento. O aqu\u00e1rio deve tamb\u00e9m ter uma tampa bem justa para evitar que salte para fora.<\/p>\n<p>A dieta do Dragon Wrasse deve incluir camar\u00e3o mysis congelado enriquecido com vitaminas, camar\u00e3o de salmoura congelado enriquecido com vitaminas e outros alimentos carnudos, juntamente com flocos marinhos e ra\u00e7\u00e3o marinha de alta qualidade.<\/p>","protected":false},"excerpt":{"rendered":"<p>N\u00edvel de cuidados: Moderado Temperamento: Semi-agressivo Dieta: Carn\u00edvoro Compat\u00edvel com recife: N\u00e3o Condi\u00e7\u00f5es da \u00e1gua: 72-78\u00b0 F, dKH 8-12, pH 8,1-8,4, sg 1,020-1,025 Origem: Fiji, Havai Fam\u00edlia: Labridae O Bodi\u00e3o-drag\u00e3o \u00e9 tamb\u00e9m conhecido como Bodi\u00e3o-mover-rochas. A colora\u00e7\u00e3o do corpo juvenil pode variar de castanho a verde com manchas brancas. As barbatanas s\u00e3o tamb\u00e9m not\u00e1veis \u200b\u200bna &hellip;<\/p>\n<p class=\"read-more\"> <a class=\"\" href=\"https:\/\/pfkeepers.com\/english\/product\/dragon-wrasse-west-ind-ocean-juvemille-novaculichthys-taeniourus\/\"> <span class=\"screen-reader-text\">Dragon Wrasse &#8211; West Ind. Ocean (Juvenille)  &#8211; Novaculichthys taeniourus<\/span> Read More &raquo;<\/a><\/p>","protected":false},"featured_media":49392,"template":"","meta":{"site-sidebar-layout":"default","site-content-layout":"","ast-site-content-layout":"","site-content-style":"default","site-sidebar-style":"default","ast-global-header-display":"","ast-banner-title-visibility":"","ast-main-header-display":"","ast-hfb-above-header-display":"","ast-hfb-below-header-display":"","ast-hfb-mobile-header-display":"","site-post-title":"","ast-breadcrumbs-content":"","ast-featured-img":"","footer-sml-layout":"","theme-transparent-header-meta":"","adv-header-id-meta":"","stick-header-meta":"","header-above-stick-meta":"","header-main-stick-meta":"","header-below-stick-meta":"","astra-migrate-meta-layouts":""},"product_cat":[1355],"product_tag":[1028],"_links":{"self":[{"href":"https:\/\/pfkeepers.com\/english\/wp-json\/wp\/v2\/product\/49391"}],"collection":[{"href":"https:\/\/pfkeepers.com\/english\/wp-json\/wp\/v2\/product"}],"about":[{"href":"https:\/\/pfkeepers.com\/english\/wp-json\/wp\/v2\/types\/product"}],"wp:featuredmedia":[{"embeddable":true,"href":"https:\/\/pfkeepers.com\/english\/wp-json\/wp\/v2\/media\/49392"}],"wp:attachment":[{"href":"https:\/\/pfkeepers.com\/english\/wp-json\/wp\/v2\/media?parent=49391"}],"wp:term":[{"taxonomy":"product_cat","embeddable":true,"href":"https:\/\/pfkeepers.com\/english\/wp-json\/wp\/v2\/product_cat?post=49391"},{"taxonomy":"product_tag","embeddable":true,"href":"https:\/\/pfkeepers.com\/english\/wp-json\/wp\/v2\/product_tag?post=49391"}],"curies":[{"name":"wp","href":"https:\/\/api.w.org\/{rel}","templated":true}]}}