{"id":49389,"date":"2024-03-04T13:30:10","date_gmt":"2024-03-04T13:30:10","guid":{"rendered":"https:\/\/pfkeepers.com\/produto\/aiptasia-eating-filefish-acreicthys-tomentosus\/"},"modified":"2026-04-19T00:01:32","modified_gmt":"2026-04-19T00:01:32","slug":"aiptasia-eating-filefish-acreicthys-tomentosus","status":"publish","type":"product","link":"https:\/\/pfkeepers.com\/english\/product\/aiptasia-eating-filefish-acreicthys-tomentosus\/","title":{"rendered":"Aiptasia Eating Filefish  &#8211; Acreicthys tomentosus"},"content":{"rendered":"<p>N\u00edvel de cuidado: moderado<\/p>\n<p>Temperamento: pac\u00edfico<\/p>\n<p>Condi\u00e7\u00f5es da \u00e1gua: 72-78 \u00b0 F, dKH 8-12, pH 8,1-8,4, sg 1,023-1,025<\/p>\n<p>Fam\u00edlia: Monacanthidae<\/p>\n<p>Aiptasia Eating Filefish \u00e9 um peixe fascinante e funcional que oferece um servi\u00e7o fant\u00e1stico de manuten\u00e7\u00e3o de aqu\u00e1rios. Como seu nome comum indica, Acreichthys tomentosus tem um apetite por Aiptasia ou an\u00eamonas de vidro. O Aiptasia Eating Filefish possui marca\u00e7\u00f5es manchadas ornamentadas que permitem que ele se misture perfeitamente em seu habitat natural entre os leitos rasos de ervas marinhas. Aiptasia Eating Filefish tamb\u00e9m \u00e9 capaz de mudar sem esfor\u00e7o a cor e os padr\u00f5es para camuflar ou se esconder de predadores. Na natureza, o Radial Filefish \u00e9 distribu\u00eddo pelo Indo-Oeste do Oceano Pac\u00edfico, da \u00c1frica Oriental a Fiji, do norte \u00e0s Ilhas Ryukyu e ao sul da Austr\u00e1lia.<\/p>\n<p>Aiptasia Eating Filefish deve ser alojado em um aqu\u00e1rio bem estabelecido de 30 gal\u00f5es ou maior, com rocha viva, areia viva e muitos esconderijos. Aiptasia Eating Filefish \u00e9 um peixe cauteloso e t\u00edmido que raramente demonstra agress\u00e3o a outros peixes, exceto aqueles de seu pr\u00f3prio g\u00eanero. Certifique-se de abrigar Aiptasia Eating Filefish com peixes de temperamento pac\u00edfico semelhante e evite ficar com peixes mais agressivos. Aiptasia Eating Filefish pode ser mantida com sucesso em um aqu\u00e1rio de recife com cautela, sabendo que pode ocasionalmente beliscar corais moles e pedregosos. Os machos s\u00e3o facilmente distinguidos das f\u00eameas, pois os machos Aiptasia Eating Filefish demonstram um aglomerado de cerdas \/ espinhos espinhosos na base do ped\u00fanculo.<\/p>\n<p>Aiptasia Eating Filefish n\u00e3o \u00e9 um comedouro especializado, o que significa que sua dieta n\u00e3o \u00e9 exclusiva para Aiptasia Glass Anemones. Na verdade, alguns Aiptasia Eating Filefish podem levar algum tempo antes de desenvolver o gosto por Aiptasia. A dieta do Biota Cativo-Cred Aiptasia Eating Filefish deve consistir de uma variedade de alimentos carnudos e mat\u00e9ria vegetal, incluindo camar\u00e3o raspado, lula, vieira, camar\u00e3o mysis, krill liofilizado embebido em um suplemento vitam\u00ednico e algas marinhas congeladas. O Biota Criada em Cativeiro Aiptasia Eating Filefish deve ser alimentada com pequenas quantidades de comida v\u00e1rias vezes por dia.<\/p>","protected":false},"excerpt":{"rendered":"<p>N\u00edvel de cuidado: moderado Temperamento: pac\u00edfico Condi\u00e7\u00f5es da \u00e1gua: 72-78 \u00b0 F, dKH 8-12, pH 8,1-8,4, sg 1,023-1,025 Fam\u00edlia: Monacanthidae Aiptasia Eating Filefish \u00e9 um peixe fascinante e funcional que oferece um servi\u00e7o fant\u00e1stico de manuten\u00e7\u00e3o de aqu\u00e1rios. Como seu nome comum indica, Acreichthys tomentosus tem um apetite por Aiptasia ou an\u00eamonas de vidro. O &hellip;<\/p>\n<p class=\"read-more\"> <a class=\"\" href=\"https:\/\/pfkeepers.com\/english\/product\/aiptasia-eating-filefish-acreicthys-tomentosus\/\"> <span class=\"screen-reader-text\">Aiptasia Eating Filefish  &#8211; Acreicthys tomentosus<\/span> Read More &raquo;<\/a><\/p>","protected":false},"featured_media":49390,"template":"","meta":{"site-sidebar-layout":"default","site-content-layout":"","ast-site-content-layout":"default","site-content-style":"default","site-sidebar-style":"default","ast-global-header-display":"","ast-banner-title-visibility":"","ast-main-header-display":"","ast-hfb-above-header-display":"","ast-hfb-below-header-display":"","ast-hfb-mobile-header-display":"","site-post-title":"","ast-breadcrumbs-content":"","ast-featured-img":"","footer-sml-layout":"","theme-transparent-header-meta":"default","adv-header-id-meta":"","stick-header-meta":"","header-above-stick-meta":"","header-main-stick-meta":"","header-below-stick-meta":"","astra-migrate-meta-layouts":"set"},"product_cat":[1355],"product_tag":[],"_links":{"self":[{"href":"https:\/\/pfkeepers.com\/english\/wp-json\/wp\/v2\/product\/49389"}],"collection":[{"href":"https:\/\/pfkeepers.com\/english\/wp-json\/wp\/v2\/product"}],"about":[{"href":"https:\/\/pfkeepers.com\/english\/wp-json\/wp\/v2\/types\/product"}],"wp:featuredmedia":[{"embeddable":true,"href":"https:\/\/pfkeepers.com\/english\/wp-json\/wp\/v2\/media\/49390"}],"wp:attachment":[{"href":"https:\/\/pfkeepers.com\/english\/wp-json\/wp\/v2\/media?parent=49389"}],"wp:term":[{"taxonomy":"product_cat","embeddable":true,"href":"https:\/\/pfkeepers.com\/english\/wp-json\/wp\/v2\/product_cat?post=49389"},{"taxonomy":"product_tag","embeddable":true,"href":"https:\/\/pfkeepers.com\/english\/wp-json\/wp\/v2\/product_tag?post=49389"}],"curies":[{"name":"wp","href":"https:\/\/api.w.org\/{rel}","templated":true}]}}