{"id":49193,"date":"2024-03-04T13:24:46","date_gmt":"2024-03-04T13:24:46","guid":{"rendered":"https:\/\/pfkeepers.com\/produto\/dragon-rock-per-kg\/"},"modified":"2025-02-27T20:16:04","modified_gmt":"2025-02-27T20:16:04","slug":"dragon-rock-per-kg","status":"publish","type":"product","link":"https:\/\/pfkeepers.com\/english\/product\/dragon-rock-per-kg\/","title":{"rendered":"Dragon Rock per Kg"},"content":{"rendered":"<p>A Dragon \u00e9 uma rocha inerte de alta qualidade (n\u00e3o altera os valores da \u00e1gua), pelo que pode ser utilizada em grandes quantidades na composi\u00e7\u00e3o do layout do aqu\u00e1rio.<\/p>\n<p>A sua cor \u00e9 geralmente castanha-esverdeada, com reflexos vermelhos ou verdes, e o seu aspecto lembra as escamas de um drag\u00e3o.<\/p>\n<p>Al\u00e9m disso, \u00e9 muito leve em compara\u00e7\u00e3o com outras pedras da paisagem aqu\u00e1tica.<\/p>\n<p>HABITAT NATURAL<br \/>\nAs rochas ajudam a dar aos peixes a impress\u00e3o de que vivem num espa\u00e7o semelhante ao seu habitat natural. Isto pode contribuir muito para reduzir o stress nos peixes, que \u00e9 muitas vezes considerado uma das principais causas de morte de peixes em aqu\u00e1rios em cativeiro.<\/p>\n<p>Esconderijos<br \/>\nAs rochas geralmente fornecem aos peixes do aqu\u00e1rio esconderijos suficientes para escaparem quando se sentem inseguros ou amea\u00e7ados. Desta forma, os peixes em aqu\u00e1rios de rocha sentir-se-\u00e3o muito mais seguros e at\u00e9 por\u00e3o ovos nas rochas.<\/p>","protected":false},"excerpt":{"rendered":"<p>A Dragon \u00e9 uma rocha inerte de alta qualidade (n\u00e3o altera os valores da \u00e1gua), pelo que pode ser utilizada em grandes quantidades na composi\u00e7\u00e3o do layout do aqu\u00e1rio. A sua cor \u00e9 geralmente castanha-esverdeada, com reflexos vermelhos ou verdes, e o seu aspecto lembra as escamas de um drag\u00e3o. Al\u00e9m disso, \u00e9 muito leve &hellip;<\/p>\n<p class=\"read-more\"> <a class=\"\" href=\"https:\/\/pfkeepers.com\/english\/product\/dragon-rock-per-kg\/\"> <span class=\"screen-reader-text\">Dragon Rock per Kg<\/span> Read More &raquo;<\/a><\/p>","protected":false},"featured_media":49194,"template":"","meta":{"site-sidebar-layout":"default","site-content-layout":"","ast-site-content-layout":"default","site-content-style":"default","site-sidebar-style":"default","ast-global-header-display":"","ast-banner-title-visibility":"","ast-main-header-display":"","ast-hfb-above-header-display":"","ast-hfb-below-header-display":"","ast-hfb-mobile-header-display":"","site-post-title":"","ast-breadcrumbs-content":"","ast-featured-img":"","footer-sml-layout":"","theme-transparent-header-meta":"default","adv-header-id-meta":"","stick-header-meta":"","header-above-stick-meta":"","header-main-stick-meta":"","header-below-stick-meta":"","astra-migrate-meta-layouts":"set"},"product_cat":[1465],"product_tag":[],"_links":{"self":[{"href":"https:\/\/pfkeepers.com\/english\/wp-json\/wp\/v2\/product\/49193"}],"collection":[{"href":"https:\/\/pfkeepers.com\/english\/wp-json\/wp\/v2\/product"}],"about":[{"href":"https:\/\/pfkeepers.com\/english\/wp-json\/wp\/v2\/types\/product"}],"wp:featuredmedia":[{"embeddable":true,"href":"https:\/\/pfkeepers.com\/english\/wp-json\/wp\/v2\/media\/49194"}],"wp:attachment":[{"href":"https:\/\/pfkeepers.com\/english\/wp-json\/wp\/v2\/media?parent=49193"}],"wp:term":[{"taxonomy":"product_cat","embeddable":true,"href":"https:\/\/pfkeepers.com\/english\/wp-json\/wp\/v2\/product_cat?post=49193"},{"taxonomy":"product_tag","embeddable":true,"href":"https:\/\/pfkeepers.com\/english\/wp-json\/wp\/v2\/product_tag?post=49193"}],"curies":[{"name":"wp","href":"https:\/\/api.w.org\/{rel}","templated":true}]}}