{"id":49007,"date":"2024-03-04T13:19:08","date_gmt":"2024-03-04T13:19:08","guid":{"rendered":"https:\/\/pfkeepers.com\/produto\/gamma-blister-brineshrimp-garlic-100g\/"},"modified":"2025-02-27T20:12:59","modified_gmt":"2025-02-27T20:12:59","slug":"gamma-blister-brineshrimp-garlic-100g","status":"publish","type":"product","link":"https:\/\/pfkeepers.com\/english\/product\/gamma-blister-brineshrimp-garlic-100g\/","title":{"rendered":"Gamma blister Brineshrimp + Garlic 100g"},"content":{"rendered":"<p>A. franciscana mais extrato de alho<\/p>\n<p>Descri\u00e7\u00e3o<br \/>\nBrineshrimp + Garlic. Para peixes marinhos, tropicais, de \u00e1gua fria e cicl\u00eddeos.<\/p>\n<p>Ingredientes da mais alta qualidade, rapidamente embalados, selados e congelados.<br \/>\nIrradiada por gama. Isso elimina completamente qualquer risco de introdu\u00e7\u00e3o de parasitas ou bact\u00e9rias nocivas em seu aqu\u00e1rio e tamb\u00e9m significa que o alimento \u00e9 totalmente seguro para armazenar em seu freezer.<br \/>\nOs produtos 100% naturais e a grande variedade dispon\u00edvel garantem que cada esp\u00e9cie de peixe receba uma alimenta\u00e7\u00e3o equilibrada, variada e interessante.<br \/>\nAs embalagens blister s\u00e3o projetadas para dispensar um cubo medido de alimento por vez, deixando o resto do produto lacrado em seus blisters separados. Uma forma r\u00e1pida e pr\u00e1tica de alimentar os peixes.<br \/>\nO guia de adequa\u00e7\u00e3o da alimenta\u00e7\u00e3o com c\u00f3digo de cores torna mais f\u00e1cil encontrar o alimento certo para os seus peixes!<\/p>","protected":false},"excerpt":{"rendered":"<p>A. franciscana mais extrato de alho Descri\u00e7\u00e3o Brineshrimp + Garlic. Para peixes marinhos, tropicais, de \u00e1gua fria e cicl\u00eddeos. Ingredientes da mais alta qualidade, rapidamente embalados, selados e congelados. Irradiada por gama. Isso elimina completamente qualquer risco de introdu\u00e7\u00e3o de parasitas ou bact\u00e9rias nocivas em seu aqu\u00e1rio e tamb\u00e9m significa que o alimento \u00e9 totalmente &hellip;<\/p>\n<p class=\"read-more\"> <a class=\"\" href=\"https:\/\/pfkeepers.com\/english\/product\/gamma-blister-brineshrimp-garlic-100g\/\"> <span class=\"screen-reader-text\">Gamma blister Brineshrimp + Garlic 100g<\/span> Read More &raquo;<\/a><\/p>","protected":false},"featured_media":49008,"template":"","meta":{"site-sidebar-layout":"default","site-content-layout":"","ast-site-content-layout":"","site-content-style":"default","site-sidebar-style":"default","ast-global-header-display":"","ast-banner-title-visibility":"","ast-main-header-display":"","ast-hfb-above-header-display":"","ast-hfb-below-header-display":"","ast-hfb-mobile-header-display":"","site-post-title":"","ast-breadcrumbs-content":"","ast-featured-img":"","footer-sml-layout":"","theme-transparent-header-meta":"","adv-header-id-meta":"","stick-header-meta":"","header-above-stick-meta":"","header-main-stick-meta":"","header-below-stick-meta":"","astra-migrate-meta-layouts":""},"product_cat":[1396],"product_tag":[879],"_links":{"self":[{"href":"https:\/\/pfkeepers.com\/english\/wp-json\/wp\/v2\/product\/49007"}],"collection":[{"href":"https:\/\/pfkeepers.com\/english\/wp-json\/wp\/v2\/product"}],"about":[{"href":"https:\/\/pfkeepers.com\/english\/wp-json\/wp\/v2\/types\/product"}],"wp:featuredmedia":[{"embeddable":true,"href":"https:\/\/pfkeepers.com\/english\/wp-json\/wp\/v2\/media\/49008"}],"wp:attachment":[{"href":"https:\/\/pfkeepers.com\/english\/wp-json\/wp\/v2\/media?parent=49007"}],"wp:term":[{"taxonomy":"product_cat","embeddable":true,"href":"https:\/\/pfkeepers.com\/english\/wp-json\/wp\/v2\/product_cat?post=49007"},{"taxonomy":"product_tag","embeddable":true,"href":"https:\/\/pfkeepers.com\/english\/wp-json\/wp\/v2\/product_tag?post=49007"}],"curies":[{"name":"wp","href":"https:\/\/api.w.org\/{rel}","templated":true}]}}