{"id":48963,"date":"2024-03-04T13:17:47","date_gmt":"2024-03-04T13:17:47","guid":{"rendered":"https:\/\/pfkeepers.com\/produto\/anubias-nana-large-pot-tropica\/"},"modified":"2026-04-18T23:57:53","modified_gmt":"2026-04-18T23:57:53","slug":"anubias-nana-large-pot-tropica","status":"publish","type":"product","link":"https:\/\/pfkeepers.com\/english\/product\/anubias-nana-large-pot-tropica\/","title":{"rendered":"Anubias nana Large pot Tropica"},"content":{"rendered":"<p>Anubias barteri var. nana \u00e9 uma planta pequena e atraente que prospera em todas as condi\u00e7\u00f5es. \u00c9 origin\u00e1ria dos Camar\u00f5es e atinge 5 a 10 cm de altura. O rizoma ter\u00e1 10 a 15 cm ou mais. Cresce lentamente, e as folhas sobrevivem durante v\u00e1rios anos, dando \u00e0s algas de crescimento lento a possibilidade de se estabelecerem.<\/p>\n<p>O melhor resultado obt\u00e9m-se plantando-se sobre uma pedra ou peda\u00e7o de madeira. Pode-se utilizar linha de pesca para prender a planta at\u00e9 que esta se fixe. Se for plantado na parte inferior, o rizoma n\u00e3o deve ser coberto, pois tende a apodrecer. Floresce frequentemente debaixo de \u00e1gua. N\u00e3o \u00e9 comido por peixes herb\u00edvoros.<\/p>\n<p>Informa\u00e7\u00f5es da planta:<\/p>\n<p>Tipo: Rizomatoso<br \/>\nOrigem: \u00c1frica<br \/>\nTaxa de crescimento:<br \/>\nAltura: 5 &#8211; 15+<\/p>","protected":false},"excerpt":{"rendered":"<p>Anubias barteri var. nana \u00e9 uma planta pequena e atraente que prospera em todas as condi\u00e7\u00f5es. \u00c9 origin\u00e1ria dos Camar\u00f5es e atinge 5 a 10 cm de altura. O rizoma ter\u00e1 10 a 15 cm ou mais. Cresce lentamente, e as folhas sobrevivem durante v\u00e1rios anos, dando \u00e0s algas de crescimento lento a possibilidade de &hellip;<\/p>\n<p class=\"read-more\"> <a class=\"\" href=\"https:\/\/pfkeepers.com\/english\/product\/anubias-nana-large-pot-tropica\/\"> <span class=\"screen-reader-text\">Anubias nana Large pot Tropica<\/span> Read More &raquo;<\/a><\/p>","protected":false},"featured_media":48964,"template":"","meta":{"site-sidebar-layout":"default","site-content-layout":"","ast-site-content-layout":"default","site-content-style":"default","site-sidebar-style":"default","ast-global-header-display":"","ast-banner-title-visibility":"","ast-main-header-display":"","ast-hfb-above-header-display":"","ast-hfb-below-header-display":"","ast-hfb-mobile-header-display":"","site-post-title":"","ast-breadcrumbs-content":"","ast-featured-img":"","footer-sml-layout":"","theme-transparent-header-meta":"default","adv-header-id-meta":"","stick-header-meta":"","header-above-stick-meta":"","header-main-stick-meta":"","header-below-stick-meta":"","astra-migrate-meta-layouts":"set"},"product_cat":[1511],"product_tag":[1064],"_links":{"self":[{"href":"https:\/\/pfkeepers.com\/english\/wp-json\/wp\/v2\/product\/48963"}],"collection":[{"href":"https:\/\/pfkeepers.com\/english\/wp-json\/wp\/v2\/product"}],"about":[{"href":"https:\/\/pfkeepers.com\/english\/wp-json\/wp\/v2\/types\/product"}],"wp:featuredmedia":[{"embeddable":true,"href":"https:\/\/pfkeepers.com\/english\/wp-json\/wp\/v2\/media\/48964"}],"wp:attachment":[{"href":"https:\/\/pfkeepers.com\/english\/wp-json\/wp\/v2\/media?parent=48963"}],"wp:term":[{"taxonomy":"product_cat","embeddable":true,"href":"https:\/\/pfkeepers.com\/english\/wp-json\/wp\/v2\/product_cat?post=48963"},{"taxonomy":"product_tag","embeddable":true,"href":"https:\/\/pfkeepers.com\/english\/wp-json\/wp\/v2\/product_tag?post=48963"}],"curies":[{"name":"wp","href":"https:\/\/api.w.org\/{rel}","templated":true}]}}