{"id":48788,"date":"2024-03-04T13:10:41","date_gmt":"2024-03-04T13:10:41","guid":{"rendered":"https:\/\/pfkeepers.com\/produto\/sohal-tang-md-acanthurus-sohal\/"},"modified":"2026-04-18T23:53:46","modified_gmt":"2026-04-18T23:53:46","slug":"sohal-tang-md-acanthurus-sohal","status":"publish","type":"product","link":"https:\/\/pfkeepers.com\/english\/product\/sohal-tang-md-acanthurus-sohal\/","title":{"rendered":"Sohal Tang &#8211; Acanthurus sohal"},"content":{"rendered":"<p>Cuidado: Interm\u00e9dio<\/p>\n<p>Requisitos de luz: M\u00e9dio<\/p>\n<p>Origem: Mar Vermelho<\/p>\n<p>Dieta: Alg\u00edvora<\/p>\n<p>O Acanthurus sohal, vulgarmente conhecido por Sohal Tang, \u00e9 uma esp\u00e9cie fascinante que traz um toque de cor a qualquer aqu\u00e1rio de recife. Este peixe, que requer cuidados de n\u00edvel interm\u00e9dio, \u00e9 famoso pela sua apar\u00eancia marcante, ostentando um corpo azul profundo adornado com listras brancas horizontais. Isto torna-o uma adi\u00e7\u00e3o visualmente deslumbrante ao seu aqu\u00e1rio. Para manter a sa\u00fade e a vitalidade do seu Sohal Tang, sugerimos que o alimente com a gama premium de produtos \u00e0 base de algas da Gamma Foods. Isto garante que o seu peixe recebe todos os nutrientes essenciais de que necessita para prosperar. Esta esp\u00e9cie \u00e9 segura para os recifes, o que a torna uma escolha ideal para os entusiastas que procuram estabelecer um ambiente marinho equilibrado e harmonioso. Um dos aspetos fascinantes do Sohal Tang \u00e9 o seu comportamento natural. Esta esp\u00e9cie \u00e9 reconhecida pela sua disposi\u00e7\u00e3o ativa, sendo frequentemente vista a nadar em redor do tanque e a explorar o seu meio envolvente. Isto n\u00e3o s\u00f3 o torna uma adi\u00e7\u00e3o visualmente atraente ao seu aqu\u00e1rio, como tamb\u00e9m envolvente. No Tropical Marine Centre, obtemos os nossos Sohal Tangs da nossa linha de fornecimento exclusiva, garantindo a mais alta qualidade e sa\u00fade dos peixes. Defendemos tamb\u00e9m a cria\u00e7\u00e3o de um tanque de recife para esta esp\u00e9cie, uma vez que reflete muito bem o seu habitat natural, proporcionando-lhe o ambiente ideal Em resumo, o Acanthurus sohal ou Sohal Tang \u00e9 uma esp\u00e9cie vibrante, ativa e intrigante para introduzir no seu tanque de recife. A sua colora\u00e7\u00e3o, dieta e comportamento caracter\u00edsticos fazem com que seja uma del\u00edcia cuidar e observ\u00e1-lo. Com os devidos cuidados e o ambiente adequado, o seu Sohal Tang ir\u00e1 florescer, trazendo um peda\u00e7o do animado Mar Vermelho para a sua casa.<\/p>","protected":false},"excerpt":{"rendered":"<p>Cuidado: Interm\u00e9dio Requisitos de luz: M\u00e9dio Origem: Mar Vermelho Dieta: Alg\u00edvora O Acanthurus sohal, vulgarmente conhecido por Sohal Tang, \u00e9 uma esp\u00e9cie fascinante que traz um toque de cor a qualquer aqu\u00e1rio de recife. Este peixe, que requer cuidados de n\u00edvel interm\u00e9dio, \u00e9 famoso pela sua apar\u00eancia marcante, ostentando um corpo azul profundo adornado com &hellip;<\/p>\n<p class=\"read-more\"> <a class=\"\" href=\"https:\/\/pfkeepers.com\/english\/product\/sohal-tang-md-acanthurus-sohal\/\"> <span class=\"screen-reader-text\">Sohal Tang &#8211; Acanthurus sohal<\/span> Read More &raquo;<\/a><\/p>","protected":false},"featured_media":48789,"template":"","meta":{"site-sidebar-layout":"default","site-content-layout":"","ast-site-content-layout":"","site-content-style":"default","site-sidebar-style":"default","ast-global-header-display":"","ast-banner-title-visibility":"","ast-main-header-display":"","ast-hfb-above-header-display":"","ast-hfb-below-header-display":"","ast-hfb-mobile-header-display":"","site-post-title":"","ast-breadcrumbs-content":"","ast-featured-img":"","footer-sml-layout":"","theme-transparent-header-meta":"","adv-header-id-meta":"","stick-header-meta":"","header-above-stick-meta":"","header-main-stick-meta":"","header-below-stick-meta":"","astra-migrate-meta-layouts":""},"product_cat":[1355],"product_tag":[1028],"_links":{"self":[{"href":"https:\/\/pfkeepers.com\/english\/wp-json\/wp\/v2\/product\/48788"}],"collection":[{"href":"https:\/\/pfkeepers.com\/english\/wp-json\/wp\/v2\/product"}],"about":[{"href":"https:\/\/pfkeepers.com\/english\/wp-json\/wp\/v2\/types\/product"}],"wp:featuredmedia":[{"embeddable":true,"href":"https:\/\/pfkeepers.com\/english\/wp-json\/wp\/v2\/media\/48789"}],"wp:attachment":[{"href":"https:\/\/pfkeepers.com\/english\/wp-json\/wp\/v2\/media?parent=48788"}],"wp:term":[{"taxonomy":"product_cat","embeddable":true,"href":"https:\/\/pfkeepers.com\/english\/wp-json\/wp\/v2\/product_cat?post=48788"},{"taxonomy":"product_tag","embeddable":true,"href":"https:\/\/pfkeepers.com\/english\/wp-json\/wp\/v2\/product_tag?post=48788"}],"curies":[{"name":"wp","href":"https:\/\/api.w.org\/{rel}","templated":true}]}}