{"id":48604,"date":"2024-03-04T13:05:10","date_gmt":"2024-03-04T13:05:10","guid":{"rendered":"https:\/\/pfkeepers.com\/produto\/flower-rock-anemone-epicystis-crucifer\/"},"modified":"2026-04-18T23:51:31","modified_gmt":"2026-04-18T23:51:31","slug":"flower-rock-anemone-epicystis-crucifer","status":"publish","type":"product","link":"https:\/\/pfkeepers.com\/english\/product\/flower-rock-anemone-epicystis-crucifer\/","title":{"rendered":"Flower\/Rock Anemone &#8211; Epicystis crucifer"},"content":{"rendered":"<p>Nota: Imagem representativa, por favor contate para saber as variedades dispon\u00edveis.<\/p>\n<p>Epicystis Crucifer, tamb\u00e9m conhecido como Rock Anemone, \u00e9 um membro da fam\u00edlia Phymanthidae. Origin\u00e1rias do Caribe, essas an\u00eamonas s\u00e3o encontradas em uma ampla variedade de cores, com o disco oral geralmente sendo de uma cor diferente do resto da an\u00eamona. O disco oral n\u00e3o possui tent\u00e1culos, e os tent\u00e1culos geralmente t\u00eam apar\u00eancia de contas. As an\u00eamonas Premium Rock Flower s\u00e3o selecionadas e colocadas \u00e0 venda devido \u00e0 sua abund\u00e2ncia e intensidade de cor.<\/p>\n<p>A Epicystis Crucifer pode viver sozinha ou em grupos. Eles preferem viver em paredes de rocha verticais e sombreadas ou dentro do substrato. Eles enterrar\u00e3o a maior parte de seu corpo na areia, com apenas o disco oral e os tent\u00e1culos \u00e0 mostra. Estas s\u00e3o an\u00eamonas bastante resistentes que se adaptam a uma ampla variedade de condi\u00e7\u00f5es de ilumina\u00e7\u00e3o. Essas an\u00eamonas tendem a n\u00e3o vagar pelo aqu\u00e1rio e s\u00e3o um \u00f3timo complemento para um aqu\u00e1rio de recife.<\/p>\n<p>A flor an\u00eamona \u00e9 um carn\u00edvoro que requer alimentos carnudos para sobreviver. Ofere\u00e7a mexilh\u00f5es e carne de peixe fresca picada, bem como alimentos congelados de alta qualidade. Adicionar iodo e oligoelementos ao aqu\u00e1rio ajudar\u00e1 a flor an\u00eamona a prosperar.<\/p>","protected":false},"excerpt":{"rendered":"<p>Nota: Imagem representativa, por favor contate para saber as variedades dispon\u00edveis. Epicystis Crucifer, tamb\u00e9m conhecido como Rock Anemone, \u00e9 um membro da fam\u00edlia Phymanthidae. Origin\u00e1rias do Caribe, essas an\u00eamonas s\u00e3o encontradas em uma ampla variedade de cores, com o disco oral geralmente sendo de uma cor diferente do resto da an\u00eamona. O disco oral n\u00e3o &hellip;<\/p>\n<p class=\"read-more\"> <a class=\"\" href=\"https:\/\/pfkeepers.com\/english\/product\/flower-rock-anemone-epicystis-crucifer\/\"> <span class=\"screen-reader-text\">Flower\/Rock Anemone &#8211; Epicystis crucifer<\/span> Read More &raquo;<\/a><\/p>","protected":false},"featured_media":48605,"template":"","meta":{"site-sidebar-layout":"default","site-content-layout":"","ast-site-content-layout":"default","site-content-style":"default","site-sidebar-style":"default","ast-global-header-display":"","ast-banner-title-visibility":"","ast-main-header-display":"","ast-hfb-above-header-display":"","ast-hfb-below-header-display":"","ast-hfb-mobile-header-display":"","site-post-title":"","ast-breadcrumbs-content":"","ast-featured-img":"","footer-sml-layout":"","theme-transparent-header-meta":"default","adv-header-id-meta":"","stick-header-meta":"","header-above-stick-meta":"","header-main-stick-meta":"","header-below-stick-meta":"","astra-migrate-meta-layouts":"set"},"product_cat":[1410],"product_tag":[],"_links":{"self":[{"href":"https:\/\/pfkeepers.com\/english\/wp-json\/wp\/v2\/product\/48604"}],"collection":[{"href":"https:\/\/pfkeepers.com\/english\/wp-json\/wp\/v2\/product"}],"about":[{"href":"https:\/\/pfkeepers.com\/english\/wp-json\/wp\/v2\/types\/product"}],"wp:featuredmedia":[{"embeddable":true,"href":"https:\/\/pfkeepers.com\/english\/wp-json\/wp\/v2\/media\/48605"}],"wp:attachment":[{"href":"https:\/\/pfkeepers.com\/english\/wp-json\/wp\/v2\/media?parent=48604"}],"wp:term":[{"taxonomy":"product_cat","embeddable":true,"href":"https:\/\/pfkeepers.com\/english\/wp-json\/wp\/v2\/product_cat?post=48604"},{"taxonomy":"product_tag","embeddable":true,"href":"https:\/\/pfkeepers.com\/english\/wp-json\/wp\/v2\/product_tag?post=48604"}],"curies":[{"name":"wp","href":"https:\/\/api.w.org\/{rel}","templated":true}]}}