{"id":48381,"date":"2024-03-04T12:59:56","date_gmt":"2024-03-04T12:59:56","guid":{"rendered":"https:\/\/pfkeepers.com\/produto\/seachem-neutral-regulator-250g\/"},"modified":"2026-04-18T23:49:10","modified_gmt":"2026-04-18T23:49:10","slug":"seachem-neutral-regulator-250g","status":"publish","type":"product","link":"https:\/\/pfkeepers.com\/english\/product\/seachem-neutral-regulator-250g\/","title":{"rendered":"Seachem Neutral Regulator 250g"},"content":{"rendered":"<p>Neutral Regulator\u00ae ajusta o PH para neutro (7.0) a partir de um valor alto ou baixo do PH e mantem-no nesse n\u00edvel. Suavisa a \u00e1gua atrav\u00e9s da precipita\u00e7\u00e3o de c\u00e1lcio e magn\u00e9sio enquanto remove qualquer tipo de cloro, cloramina e am\u00f3nia desintoxicante.<\/p>\n<p>O uso de Neutral Regulator\u00ae faz com que outras condi\u00e7\u00f5es sejam desnecess\u00e1rias.<\/p>\n<p>Para baixar o PH abaixo de 7.0 usar o Neutral Regulator\u00ae com Acid Regulator\u2122 (ou Discus Buffer\u00ae). Para elevar o PH acima de 7.0 usar com Alkaline Regulator\u2122. Todos estes produtos ir\u00e3o enaltecer e estabilizar o ambiente do aqu\u00e1rio de \u00e1gua doce.<\/p>\n<p>Para maior enaltecimento e estabiliza\u00e7\u00e3o do ambiente do aqu\u00e1rio de \u00e1gua doce, usar o Fresh Trace\u2122 para restaurar os devidos n\u00edveis de vest\u00edgios e alimente com NutriDiet\u00ae Tropical Flakes para peixes pr\u00f3speros e saud\u00e1veis da comunidade de peixes de \u00e1gua doce.<\/p>\n<p>Indica\u00e7\u00f5es<\/p>\n<p>Usar uma colher de ch\u00e1 nivelada para cada 40-80Litros uma ou duas vezes por m\u00eas (ou consoante as necessidades de forma a manter o PH de 7.0). Neutral Regulator\u00ae pode ser usado inicialmente diariamente em casos de maior alcalinidade at\u00e9 o valor de 7.0 ser estabelecido. Deve ser adicionado diretamente ao aqu\u00e1rio em qualquer altura. Idealmente deve ser usado aquando da adi\u00e7\u00e3o ou mudan\u00e7a de \u00e1gua, sendo dissolvido na \u00e1gua substituta. Para uma dosagem precisa, usar a colher de escala digital da Seachem.<\/p>\n<p>Cont\u00e9m amolecedores de fosfato e agentes condicionadores. Seguro para todos os peixes de \u00e1gua doce com PH neutro.<\/p>","protected":false},"excerpt":{"rendered":"<p>Neutral Regulator\u00ae ajusta o PH para neutro (7.0) a partir de um valor alto ou baixo do PH e mantem-no nesse n\u00edvel. Suavisa a \u00e1gua atrav\u00e9s da precipita\u00e7\u00e3o de c\u00e1lcio e magn\u00e9sio enquanto remove qualquer tipo de cloro, cloramina e am\u00f3nia desintoxicante. O uso de Neutral Regulator\u00ae faz com que outras condi\u00e7\u00f5es sejam desnecess\u00e1rias. Para &hellip;<\/p>\n<p class=\"read-more\"> <a class=\"\" href=\"https:\/\/pfkeepers.com\/english\/product\/seachem-neutral-regulator-250g\/\"> <span class=\"screen-reader-text\">Seachem Neutral Regulator 250g<\/span> Read More &raquo;<\/a><\/p>","protected":false},"featured_media":48382,"template":"","meta":{"site-sidebar-layout":"default","site-content-layout":"","ast-site-content-layout":"","site-content-style":"default","site-sidebar-style":"default","ast-global-header-display":"","ast-banner-title-visibility":"","ast-main-header-display":"","ast-hfb-above-header-display":"","ast-hfb-below-header-display":"","ast-hfb-mobile-header-display":"","site-post-title":"","ast-breadcrumbs-content":"","ast-featured-img":"","footer-sml-layout":"","theme-transparent-header-meta":"","adv-header-id-meta":"","stick-header-meta":"","header-above-stick-meta":"","header-main-stick-meta":"","header-below-stick-meta":"","astra-migrate-meta-layouts":""},"product_cat":[1489],"product_tag":[1037],"_links":{"self":[{"href":"https:\/\/pfkeepers.com\/english\/wp-json\/wp\/v2\/product\/48381"}],"collection":[{"href":"https:\/\/pfkeepers.com\/english\/wp-json\/wp\/v2\/product"}],"about":[{"href":"https:\/\/pfkeepers.com\/english\/wp-json\/wp\/v2\/types\/product"}],"wp:featuredmedia":[{"embeddable":true,"href":"https:\/\/pfkeepers.com\/english\/wp-json\/wp\/v2\/media\/48382"}],"wp:attachment":[{"href":"https:\/\/pfkeepers.com\/english\/wp-json\/wp\/v2\/media?parent=48381"}],"wp:term":[{"taxonomy":"product_cat","embeddable":true,"href":"https:\/\/pfkeepers.com\/english\/wp-json\/wp\/v2\/product_cat?post=48381"},{"taxonomy":"product_tag","embeddable":true,"href":"https:\/\/pfkeepers.com\/english\/wp-json\/wp\/v2\/product_tag?post=48381"}],"curies":[{"name":"wp","href":"https:\/\/api.w.org\/{rel}","templated":true}]}}