{"id":48353,"date":"2024-03-04T12:59:00","date_gmt":"2024-03-04T12:59:00","guid":{"rendered":"https:\/\/pfkeepers.com\/produto\/reef-carbonate-100ml-seachem\/"},"modified":"2025-02-27T19:56:36","modified_gmt":"2025-02-27T19:56:36","slug":"reef-carbonate-100ml-seachem","status":"publish","type":"product","link":"https:\/\/pfkeepers.com\/english\/product\/reef-carbonate-100ml-seachem\/","title":{"rendered":"Seachem Reef Carbonate 100ml"},"content":{"rendered":"<p>Reef Carbonate \u2122 \u00e9 uma mistura otimizada concentrada (4.000 meq \/ L) de sais de carbonato e bicarbonato projetada para restaurar e manter a alcalinidade no aqu\u00e1rio de recife. O c\u00e1lcio e os carbonatos s\u00e3o essenciais para o crescimento de todo o coral. Se qualquer um se tornar deficiente, o crescimento do coral cessar\u00e1, seguido por um r\u00e1pido decl\u00ednio na sa\u00fade do coral. Para evitar isso, voc\u00ea deve fornecer carbonatos (Reef Carbonate \u2122) e c\u00e1lcio (Reef Advantage Calcium \u2122 ou Reef Complete\u00ae).<\/p>\n<p>Enquanto os produtos concorrentes simplesmente usam bicarbonato de s\u00f3dio, o Reef Carbonate \u2122 \u00e9 feito com uma mistura de sais de carbonato e bicarbonato. Esta mistura de sais resulta em Reef Carbonate \u2122 produzindo um pK de aproximadamente 9,0 em \u00e1gua salgada (mais alto do que os produtos concorrentes). Em um sistema de recife fechado, a multid\u00e3o de org\u00e2nicos produzidos pelos habitantes do recife tende a for\u00e7ar o pH para baixo, mas a vantagem do pK mais alto do Reef Carbonate \u2122 \u00e9 uma estabiliza\u00e7\u00e3o do pH em torno de 8,3-8,4. As formula\u00e7\u00f5es dos produtos concorrentes os tornam incapazes de tal afirma\u00e7\u00e3o, ent\u00e3o o pH sempre cair\u00e1 abaixo dos n\u00edveis desej\u00e1veis \u200b\u200bpara um aqu\u00e1rio de recife.<\/p>\n<p>Usado conforme as instru\u00e7\u00f5es, o Reef Carbonate \u2122 n\u00e3o esgota o c\u00e1lcio, o magn\u00e9sio ou o estr\u00f4ncio, que geralmente tendem a precipitar com o aumento da alcalinidade. A alcalinidade do recife deve ser mantida em 3-6 meq \/ L (8-17 dKH). A alcalinidade n\u00e3o deve cair abaixo de 2 meq \/ L.<\/p>","protected":false},"excerpt":{"rendered":"<p>Reef Carbonate \u2122 \u00e9 uma mistura otimizada concentrada (4.000 meq \/ L) de sais de carbonato e bicarbonato projetada para restaurar e manter a alcalinidade no aqu\u00e1rio de recife. O c\u00e1lcio e os carbonatos s\u00e3o essenciais para o crescimento de todo o coral. Se qualquer um se tornar deficiente, o crescimento do coral cessar\u00e1, seguido &hellip;<\/p>\n<p class=\"read-more\"> <a class=\"\" href=\"https:\/\/pfkeepers.com\/english\/product\/reef-carbonate-100ml-seachem\/\"> <span class=\"screen-reader-text\">Seachem Reef Carbonate 100ml<\/span> Read More &raquo;<\/a><\/p>","protected":false},"featured_media":54879,"template":"","meta":{"site-sidebar-layout":"default","site-content-layout":"","ast-site-content-layout":"","site-content-style":"default","site-sidebar-style":"default","ast-global-header-display":"","ast-banner-title-visibility":"","ast-main-header-display":"","ast-hfb-above-header-display":"","ast-hfb-below-header-display":"","ast-hfb-mobile-header-display":"","site-post-title":"","ast-breadcrumbs-content":"","ast-featured-img":"","footer-sml-layout":"","theme-transparent-header-meta":"","adv-header-id-meta":"","stick-header-meta":"","header-above-stick-meta":"","header-main-stick-meta":"","header-below-stick-meta":"","astra-migrate-meta-layouts":""},"product_cat":[1485],"product_tag":[1037],"_links":{"self":[{"href":"https:\/\/pfkeepers.com\/english\/wp-json\/wp\/v2\/product\/48353"}],"collection":[{"href":"https:\/\/pfkeepers.com\/english\/wp-json\/wp\/v2\/product"}],"about":[{"href":"https:\/\/pfkeepers.com\/english\/wp-json\/wp\/v2\/types\/product"}],"wp:featuredmedia":[{"embeddable":true,"href":"https:\/\/pfkeepers.com\/english\/wp-json\/wp\/v2\/media\/54879"}],"wp:attachment":[{"href":"https:\/\/pfkeepers.com\/english\/wp-json\/wp\/v2\/media?parent=48353"}],"wp:term":[{"taxonomy":"product_cat","embeddable":true,"href":"https:\/\/pfkeepers.com\/english\/wp-json\/wp\/v2\/product_cat?post=48353"},{"taxonomy":"product_tag","embeddable":true,"href":"https:\/\/pfkeepers.com\/english\/wp-json\/wp\/v2\/product_tag?post=48353"}],"curies":[{"name":"wp","href":"https:\/\/api.w.org\/{rel}","templated":true}]}}