{"id":47964,"date":"2024-03-04T12:50:00","date_gmt":"2024-03-04T12:50:00","guid":{"rendered":"https:\/\/pfkeepers.com\/produto\/gourami-perola-trichogaster-leeri\/"},"modified":"2026-04-18T23:42:12","modified_gmt":"2026-04-18T23:42:12","slug":"gourami-perola-trichogaster-leeri","status":"publish","type":"product","link":"https:\/\/pfkeepers.com\/english\/product\/gourami-perola-trichogaster-leeri\/","title":{"rendered":"Gourami P\u00e9rola &#8211; Trichogaster leeri"},"content":{"rendered":"<p>Classifica\u00e7\u00e3o<br \/>\nOsphronemidae. Subfam\u00edlia: Luciocephalinae<\/p>\n<p>Distribui\u00e7\u00e3o<br \/>\nEncontrado na Tail\u00e2ndia, Mal\u00e1sia e nas ilhas de Born\u00e9u e Sumatra. Agora tamb\u00e9m s\u00e3o introduzidas popula\u00e7\u00f5es que vivem em Singapura e na Col\u00f4mbia. Atualmente, os peixes selvagens s\u00e3o raros no hobby, com a grande maioria dos que est\u00e3o \u00e0 venda sendo produzidos em massa no Extremo Oriente e na Europa Oriental.<\/p>\n<p>Habitat<br \/>\nHabita p\u00e2ntanos das terras baixas, geralmente em regi\u00f5es costeiras.<\/p>\n<p>Comprimento padr\u00e3o m\u00e1ximo<br \/>\n12 cm<\/p>\n<p>Manuten\u00e7\u00e3o<br \/>\nUma instala\u00e7\u00e3o plantada com alguma vegeta\u00e7\u00e3o flutuante e \u00e1reas abertas para nadar.<\/p>\n<p>Condi\u00e7\u00f5es da \u00c1gua<br \/>\nTemperatura : 24-30 \u00b0 C<\/p>\n<p>pH : 5,5 \u2013 8,0<\/p>\n<p>Dureza : 2 \u2013 30 dH<\/p>\n<p>Dieta<br \/>\nPouco exigente e aceitar\u00e1 a maioria dos alimentos oferecidos.<\/p>\n<p>Comportamento e Compatibilidade<br \/>\nUm dos gouramis mais pac\u00edficos e um excelente peixe para aqu\u00e1rio comunit\u00e1rio. No entanto, os machos s\u00e3o territoriais entre si e tamb\u00e9m podem ser bastante duros com as f\u00eameas quando eles querem se reproduzir, portanto, garanta que haja esconderijos adequados no aqu\u00e1rio caso tenha mais de um destes gouramis. N\u00e3o mantenha o gourami p\u00e9rola com peixes agressivos ou muito vigorosos, pois ficar\u00e1 intimidado.<\/p>\n<p>Dimorfismo Sexual<br \/>\nOs machos maduros s\u00e3o muito mais coloridos que as f\u00eameas, desenvolvendo uma deslumbrante colora\u00e7\u00e3o laranja ou vermelha ao redor da \u00e1rea da garganta. Eles tamb\u00e9m t\u00eam extens\u00f5es nas barbatanas dorsal e anal. As f\u00eameas s\u00e3o mais \u201cp\u00e1lidas\u201d e gordas.<\/p>\n<p>Reprodu\u00e7\u00e3o<br \/>\nF\u00e1ceis de reproduzir, sendo que o ideal \u00e9 o aqu\u00e1rio de cria\u00e7\u00e3o n\u00e3o ter mais que 15 a 20 cm de profundidade, e com muitas plantas flutuantes pois \u00e9 normalmente ai que \u00e9 feito o ninho de bolhas. A filtragem deve ser suave e os filtros movidos a ar s\u00e3o ideais. Condicione o peixe com comida viva. Quando a f\u00eamea fica gorda \/ inchada com ovos, o macho constr\u00f3i um grande ninho de bolhas, com at\u00e9 25 cm de di\u00e2metro entre as plantas flutuantes. Ele ent\u00e3o come\u00e7ar\u00e1 a exibir-se para a f\u00eamea. \u00c0 medida que a f\u00eamea se aproxima do ninho, pode-se ver o peixe se tocando com as barbatanas ventrais modificadas. Desova ocorre sob o ninho no abra\u00e7o anabantoide t\u00edpico. Os ovos flutuam para cima e o macho os conduz para o ninho. V\u00e1rias outras desova ocorrem e entre 200 a 300 ovos podem ser produzidos. Quando n\u00e3o h\u00e1 mais ovos, a f\u00eamea \u00e9 expulsa. \u00c9 melhor remov\u00ea-la neste momento ou ela pode ser seriamente prejudicada.<\/p>\n<p>O macho ent\u00e3o tende ao ninho at\u00e9 os ovos eclodirem, geralmente em cerca de 20 a 30 horas. Os alevinos ficam livres para nadar em mais 4-5 dias, momento em que o macho tamb\u00e9m deve ser removido. Eles devem ser alimentados com infus\u00f3rios ou alimentos l\u00edquidos durante a primeira semana, ap\u00f3s o que s\u00e3o grandes o suficiente para aceitar nauplii de art\u00e9mia, microworms e flocos em p\u00f3. As crias crescem muito lentamente e deve-se tomar cuidado ao realizar trocas de \u00e1gua, pois s\u00e3o muito suscet\u00edveis a mudan\u00e7as na temperatura da \u00e1gua nos primeiros 3 meses.<\/p>\n<p>Notas<br \/>\nUma esp\u00e9cie bonita e resistente, altamente recomendada para iniciantes. Um macho em traje de cria\u00e7\u00e3o completo \u00e9 um dos peixes mais impressionantes dispon\u00edveis no hobby. Trichogaster leerii tamb\u00e9m \u00e9 bastante duradouro e pode sobreviver por 8 anos ou mais no aqu\u00e1rio. Esses peixes tamb\u00e9m consumir\u00e3o as hidras (pragas do aqu\u00e1rio) .<\/p>\n<p>Informa\u00e7\u00e3o obtida a partir da plataforma online https:\/\/www.seriouslyfish.com\/, podendo ter algumas adapta\u00e7\u00f5es mediante a esp\u00e9cie e\/ou tradu\u00e7\u00e3o.<\/p>","protected":false},"excerpt":{"rendered":"<p>Classifica\u00e7\u00e3o Osphronemidae. Subfam\u00edlia: Luciocephalinae Distribui\u00e7\u00e3o Encontrado na Tail\u00e2ndia, Mal\u00e1sia e nas ilhas de Born\u00e9u e Sumatra. Agora tamb\u00e9m s\u00e3o introduzidas popula\u00e7\u00f5es que vivem em Singapura e na Col\u00f4mbia. Atualmente, os peixes selvagens s\u00e3o raros no hobby, com a grande maioria dos que est\u00e3o \u00e0 venda sendo produzidos em massa no Extremo Oriente e na Europa &hellip;<\/p>\n<p class=\"read-more\"> <a class=\"\" href=\"https:\/\/pfkeepers.com\/english\/product\/gourami-perola-trichogaster-leeri\/\"> <span class=\"screen-reader-text\">Gourami P\u00e9rola &#8211; Trichogaster leeri<\/span> Read More &raquo;<\/a><\/p>","protected":false},"featured_media":47965,"template":"","meta":{"site-sidebar-layout":"default","site-content-layout":"","ast-site-content-layout":"","site-content-style":"default","site-sidebar-style":"default","ast-global-header-display":"","ast-banner-title-visibility":"","ast-main-header-display":"","ast-hfb-above-header-display":"","ast-hfb-below-header-display":"","ast-hfb-mobile-header-display":"","site-post-title":"","ast-breadcrumbs-content":"","ast-featured-img":"","footer-sml-layout":"","theme-transparent-header-meta":"","adv-header-id-meta":"","stick-header-meta":"","header-above-stick-meta":"","header-main-stick-meta":"","header-below-stick-meta":"","astra-migrate-meta-layouts":""},"product_cat":[1354],"product_tag":[874],"_links":{"self":[{"href":"https:\/\/pfkeepers.com\/english\/wp-json\/wp\/v2\/product\/47964"}],"collection":[{"href":"https:\/\/pfkeepers.com\/english\/wp-json\/wp\/v2\/product"}],"about":[{"href":"https:\/\/pfkeepers.com\/english\/wp-json\/wp\/v2\/types\/product"}],"wp:featuredmedia":[{"embeddable":true,"href":"https:\/\/pfkeepers.com\/english\/wp-json\/wp\/v2\/media\/47965"}],"wp:attachment":[{"href":"https:\/\/pfkeepers.com\/english\/wp-json\/wp\/v2\/media?parent=47964"}],"wp:term":[{"taxonomy":"product_cat","embeddable":true,"href":"https:\/\/pfkeepers.com\/english\/wp-json\/wp\/v2\/product_cat?post=47964"},{"taxonomy":"product_tag","embeddable":true,"href":"https:\/\/pfkeepers.com\/english\/wp-json\/wp\/v2\/product_tag?post=47964"}],"curies":[{"name":"wp","href":"https:\/\/api.w.org\/{rel}","templated":true}]}}