{"id":47894,"date":"2024-03-04T12:48:22","date_gmt":"2024-03-04T12:48:22","guid":{"rendered":"https:\/\/pfkeepers.com\/produto\/red-strip-trochus-snail-trochus-histrio\/"},"modified":"2026-04-18T23:40:57","modified_gmt":"2026-04-18T23:40:57","slug":"red-strip-trochus-snail-trochus-histrio","status":"publish","type":"product","link":"https:\/\/pfkeepers.com\/english\/product\/red-strip-trochus-snail-trochus-histrio\/","title":{"rendered":"Red Strip Trochus Snail &#8211; Trochus histrio"},"content":{"rendered":"<p>N\u00edvel de cuidados: F\u00e1cil<\/p>\n<p>Temperamento: Pac\u00edfico<\/p>\n<p>Dieta: Herb\u00edvoro<\/p>\n<p>Compat\u00edvel com recife: Sim<\/p>\n<p>Condi\u00e7\u00f5es da \u00e1gua: 72-78\u00b0 F, dKH 8-12, pH 8,1-8,4, sg 1,023-1,025<\/p>\n<p>OrigemI: Indon\u00e9sia, Nicar\u00e1gua<\/p>\n<p>Fam\u00edlia: Trochidae<\/p>\n<p>Suplementos: C\u00e1lcio, Oligoelementos<\/p>\n<p>O caracol Trochus listrado \u00e9 apreciado por aquaristas marinhos de todos os n\u00edveis de experi\u00eancia por v\u00e1rias raz\u00f5es. Tal como outros membros da fam\u00edlia Trochidae, o Trochus-listrado \u00e9 f\u00e1cil de cuidar e muito h\u00e1bil a trabalhar como equipa de limpeza do seu aqu\u00e1rio. O caracol Trochus listrado tem normalmente um p\u00e9 preto com uma cor esbranqui\u00e7ada\/castanha na parte inferior. Possui uma concha cinzento-clara, em forma de topo ou pir\u00e2mide. Gra\u00e7as \u00e0s riscas ou faixas castanhas na sua concha, o caracol Trochus com faixas acrescenta um toque \u00fanico a qualquer sistema marinho.<br \/>\nTamb\u00e9m conhecido como Trochus, Turbante ou Caracol Turbante, esta esp\u00e9cie do g\u00e9nero Trochus \u00e9 o verdadeiro Caracol Trochus Listrado da Indon\u00e9sia. Talvez o que muitos aquaristas mais apreciem \u00e9 a facilidade com que os carac\u00f3is Trochus listrados parecem reproduzir-se no aqu\u00e1rio dom\u00e9stico. Reproduz-se sexuadamente libertando g\u00e2metas na coluna de \u00e1gua. Os g\u00e2metas aparecem como uma subst\u00e2ncia branca e turva. A atividade reprodutiva \u00e9 geralmente desencadeada por altera\u00e7\u00f5es na ilumina\u00e7\u00e3o ou nas condi\u00e7\u00f5es da \u00e1gua. Ap\u00f3s a uni\u00e3o dos g\u00e2metas, estes desenvolvem-se em larvas livres que acabam por se fixar no substrato do aqu\u00e1rio e se desenvolvem em carac\u00f3is maduros ao longo de alguns meses.<\/p>\n<p>O caracol Trochus listrado \u00e9 muito adequado para aqu\u00e1rios de recife. Como regra geral, pode manter um caracol por cada dois a tr\u00eas litros de \u00e1gua do aqu\u00e1rio. O caracol Trochus listrado \u00e9 muito pac\u00edfico e, devido \u00e0 forma da sua carapa\u00e7a, n\u00e3o \u00e9 facilmente comido pelos caranguejos. Ao contr\u00e1rio do seu parente pr\u00f3ximo, o caracol Tectus, o caracol Trochus listrado consegue endireitar-se quando \u00e9 derrubado.<\/p>\n<p>O caracol-trochus-listrado desenvolve-se melhor num aqu\u00e1rio bem estabelecido, com muitos esconderijos e espa\u00e7o para forragear. Alimenta-se naturalmente de algas, cianobact\u00e9rias e diatom\u00e1ceas presentes na rocha viva, no substrato e no vidro do aqu\u00e1rio. O Trochus listrado \u00e9 tamb\u00e9m um eficaz comedor de algas. No entanto, apenas pastam passivamente outras algas inc\u00f3modas, como as algas capilares.<\/p>\n<p>Tal como outros invertebrados, o Trochus sp. \u00e9 sens\u00edvel a n\u00edveis elevados de nitrato e intolerante a medicamentos \u00e0 base de cobre. Requer um processo de aclimata\u00e7\u00e3o gradual, de prefer\u00eancia o m\u00e9todo de aclimata\u00e7\u00e3o por gotejamento. Se os n\u00edveis de alimento no seu aqu\u00e1rio forem insuficientes, complemente a dieta com algas secas. Embora a maioria dos carac\u00f3is Trochus listrados pare\u00e7am reproduzir-se facilmente, n\u00e3o existem caracter\u00edsticas distintivas entre machos e f\u00eameas<\/p>","protected":false},"excerpt":{"rendered":"<p>N\u00edvel de cuidados: F\u00e1cil Temperamento: Pac\u00edfico Dieta: Herb\u00edvoro Compat\u00edvel com recife: Sim Condi\u00e7\u00f5es da \u00e1gua: 72-78\u00b0 F, dKH 8-12, pH 8,1-8,4, sg 1,023-1,025 OrigemI: Indon\u00e9sia, Nicar\u00e1gua Fam\u00edlia: Trochidae Suplementos: C\u00e1lcio, Oligoelementos O caracol Trochus listrado \u00e9 apreciado por aquaristas marinhos de todos os n\u00edveis de experi\u00eancia por v\u00e1rias raz\u00f5es. Tal como outros membros da fam\u00edlia &hellip;<\/p>\n<p class=\"read-more\"> <a class=\"\" href=\"https:\/\/pfkeepers.com\/english\/product\/red-strip-trochus-snail-trochus-histrio\/\"> <span class=\"screen-reader-text\">Red Strip Trochus Snail &#8211; Trochus histrio<\/span> Read More &raquo;<\/a><\/p>","protected":false},"featured_media":47895,"template":"","meta":{"site-sidebar-layout":"default","site-content-layout":"","ast-site-content-layout":"default","site-content-style":"default","site-sidebar-style":"default","ast-global-header-display":"","ast-banner-title-visibility":"","ast-main-header-display":"","ast-hfb-above-header-display":"","ast-hfb-below-header-display":"","ast-hfb-mobile-header-display":"","site-post-title":"","ast-breadcrumbs-content":"","ast-featured-img":"","footer-sml-layout":"","theme-transparent-header-meta":"default","adv-header-id-meta":"","stick-header-meta":"","header-above-stick-meta":"","header-main-stick-meta":"","header-below-stick-meta":"","astra-migrate-meta-layouts":"set"},"product_cat":[1356],"product_tag":[],"_links":{"self":[{"href":"https:\/\/pfkeepers.com\/english\/wp-json\/wp\/v2\/product\/47894"}],"collection":[{"href":"https:\/\/pfkeepers.com\/english\/wp-json\/wp\/v2\/product"}],"about":[{"href":"https:\/\/pfkeepers.com\/english\/wp-json\/wp\/v2\/types\/product"}],"wp:featuredmedia":[{"embeddable":true,"href":"https:\/\/pfkeepers.com\/english\/wp-json\/wp\/v2\/media\/47895"}],"wp:attachment":[{"href":"https:\/\/pfkeepers.com\/english\/wp-json\/wp\/v2\/media?parent=47894"}],"wp:term":[{"taxonomy":"product_cat","embeddable":true,"href":"https:\/\/pfkeepers.com\/english\/wp-json\/wp\/v2\/product_cat?post=47894"},{"taxonomy":"product_tag","embeddable":true,"href":"https:\/\/pfkeepers.com\/english\/wp-json\/wp\/v2\/product_tag?post=47894"}],"curies":[{"name":"wp","href":"https:\/\/api.w.org\/{rel}","templated":true}]}}