{"id":47859,"date":"2024-03-04T12:47:26","date_gmt":"2024-03-04T12:47:26","guid":{"rendered":"https:\/\/pfkeepers.com\/produto\/hikari-sinking-wafers-25g\/"},"modified":"2025-02-28T16:57:24","modified_gmt":"2025-02-28T16:57:24","slug":"hikari-sinking-wafers-25g","status":"publish","type":"product","link":"https:\/\/pfkeepers.com\/english\/product\/hikari-sinking-wafers-25g\/","title":{"rendered":"Hikari Sinking Wafers 25g"},"content":{"rendered":"<p>Uma dieta cient\u00edfica para peixe-gato, botias e outros alimentadores de fundo.<\/p>\n<p>FUNCIONALIDADES<br \/>\nEste &#8220;soft wafer&#8221; \u00fanico foi desenvolvido para alimentadores de fundo que t\u00eam bocas pequenas viradas para baixo e precisam de engolir os alimentos.<br \/>\nEsta dieta extremamente saborosa oferece farinha de peixe de primeira qualidade, bicho-da-seda e farinha de krill com um excelente equil\u00edbrio de nutrientes.<br \/>\nPerfeito para aqu\u00e1rios mais pequenos ou para alimentar m\u00faltiplas \u00e1reas de aqu\u00e1rios maiores, evitando assim a competi\u00e7\u00e3o por alimento.<br \/>\nUm perfil de ingredientes altamente diger\u00edvel e cientificamente desenvolvido para ajudar a maioria dos alimentadores de fundo a desenvolver todo o seu potencial.<br \/>\nFormulado para apoiar a sa\u00fade do sistema imunit\u00e1rio.<br \/>\nCarregado com spirulina de cultura pura para ajudar os seus amigos subaqu\u00e1ticos a terem o melhor aspeto, sempre.<br \/>\nALIMENTA\u00c7\u00c3O<br \/>\nAlimente a quantidade que o seu animal consumir\u00e1 completamente em 20 minutos. Deve-se ter cuidado para evitar a alimenta\u00e7\u00e3o excessiva e remover sempre qualquer alimento n\u00e3o consumido ap\u00f3s o per\u00edodo de alimenta\u00e7\u00e3o para evitar a turva\u00e7\u00e3o da \u00e1gua.<br \/>\nDesenvolvido, produzido e embalado nas nossas instala\u00e7\u00f5es para que possamos ter a certeza de que obter\u00e1 sempre a qualidade \u00aeHikari que espera!<\/p>\n<p>Recomendamos Hikari Tropical Sinking Wafers como dieta di\u00e1ria para<br \/>\nPeixe-gato Corydoras, botias e outros alimentadores de fundo<\/p>","protected":false},"excerpt":{"rendered":"<p>Uma dieta cient\u00edfica para peixe-gato, botias e outros alimentadores de fundo. FUNCIONALIDADES Este &#8220;soft wafer&#8221; \u00fanico foi desenvolvido para alimentadores de fundo que t\u00eam bocas pequenas viradas para baixo e precisam de engolir os alimentos. Esta dieta extremamente saborosa oferece farinha de peixe de primeira qualidade, bicho-da-seda e farinha de krill com um excelente equil\u00edbrio &hellip;<\/p>\n<p class=\"read-more\"> <a class=\"\" href=\"https:\/\/pfkeepers.com\/english\/product\/hikari-sinking-wafers-25g\/\"> <span class=\"screen-reader-text\">Hikari Sinking Wafers 25g<\/span> Read More &raquo;<\/a><\/p>","protected":false},"featured_media":201611,"template":"","meta":{"site-sidebar-layout":"default","site-content-layout":"","ast-site-content-layout":"","site-content-style":"default","site-sidebar-style":"default","ast-global-header-display":"","ast-banner-title-visibility":"","ast-main-header-display":"","ast-hfb-above-header-display":"","ast-hfb-below-header-display":"","ast-hfb-mobile-header-display":"","site-post-title":"","ast-breadcrumbs-content":"","ast-featured-img":"","footer-sml-layout":"","theme-transparent-header-meta":"","adv-header-id-meta":"","stick-header-meta":"","header-above-stick-meta":"","header-main-stick-meta":"","header-below-stick-meta":"","astra-migrate-meta-layouts":""},"product_cat":[1479],"product_tag":[893],"_links":{"self":[{"href":"https:\/\/pfkeepers.com\/english\/wp-json\/wp\/v2\/product\/47859"}],"collection":[{"href":"https:\/\/pfkeepers.com\/english\/wp-json\/wp\/v2\/product"}],"about":[{"href":"https:\/\/pfkeepers.com\/english\/wp-json\/wp\/v2\/types\/product"}],"wp:featuredmedia":[{"embeddable":true,"href":"https:\/\/pfkeepers.com\/english\/wp-json\/wp\/v2\/media\/201611"}],"wp:attachment":[{"href":"https:\/\/pfkeepers.com\/english\/wp-json\/wp\/v2\/media?parent=47859"}],"wp:term":[{"taxonomy":"product_cat","embeddable":true,"href":"https:\/\/pfkeepers.com\/english\/wp-json\/wp\/v2\/product_cat?post=47859"},{"taxonomy":"product_tag","embeddable":true,"href":"https:\/\/pfkeepers.com\/english\/wp-json\/wp\/v2\/product_tag?post=47859"}],"curies":[{"name":"wp","href":"https:\/\/api.w.org\/{rel}","templated":true}]}}