{"id":47764,"date":"2024-03-04T12:45:16","date_gmt":"2024-03-04T12:45:16","guid":{"rendered":"https:\/\/pfkeepers.com\/produto\/redsea-reefer-170l-white\/"},"modified":"2026-04-18T02:23:02","modified_gmt":"2026-04-18T02:23:02","slug":"redsea-reefer-170l-white","status":"publish","type":"product","link":"https:\/\/pfkeepers.com\/english\/product\/redsea-reefer-170l-white\/","title":{"rendered":"Red Sea REEFER SYSTEMS G2+ 170 &#8211; BRANCO"},"content":{"rendered":"<p>A s\u00e9rie REEFER combina um vidro de aqu\u00e1rio contempor\u00e2neo, sem rebordos, ultra claro e cabine moderna com um sistema de tratamento de \u00e1gua completo, que inclui uma sump profissional. Esta s\u00e9rie de aqu\u00e1rios foi desenhada para f\u00e1cil manuseamento e ao mesmo tempo permitir instalar uma s\u00e9rie de op\u00e7\u00f5es de ilumina\u00e7\u00e3o, filtra\u00e7\u00e3o, circula\u00e7\u00e3o e controladores, para criar um sistema \u00fanico e personalizado. Inclui: \u00b7 Um compartimento para o escumador com constante altura de \u00e1gua \u00b7 Mangas m\u00edcron de filtra\u00e7\u00e3o \u00b7 Sistema de queda de \u00e1gua regulado e silencioso com sistema de emerg\u00eancia para inunda\u00e7\u00f5es \u00b7 Sistema de reposi\u00e7\u00e3o de evapora\u00e7\u00e3o autom\u00e1tico com reservat\u00f3rio \u00b7 Liga\u00e7\u00f5es dos canos pronta, sem necessidade de cola Tamanhos:<\/p>\n<p>60 cm x 50 cm x 50 cm (altura total COM M\u00d3VEL 137 cm)<\/p>","protected":false},"excerpt":{"rendered":"<p>A s\u00e9rie REEFER combina um vidro de aqu\u00e1rio contempor\u00e2neo, sem rebordos, ultra claro e cabine moderna com um sistema de tratamento de \u00e1gua completo, que inclui uma sump profissional. Esta s\u00e9rie de aqu\u00e1rios foi desenhada para f\u00e1cil manuseamento e ao mesmo tempo permitir instalar uma s\u00e9rie de op\u00e7\u00f5es de ilumina\u00e7\u00e3o, filtra\u00e7\u00e3o, circula\u00e7\u00e3o e controladores, para &hellip;<\/p>\n<p class=\"read-more\"> <a class=\"\" href=\"https:\/\/pfkeepers.com\/english\/product\/redsea-reefer-170l-white\/\"> <span class=\"screen-reader-text\">Red Sea REEFER SYSTEMS G2+ 170 &#8211; BRANCO<\/span> Read More &raquo;<\/a><\/p>","protected":false},"featured_media":358356,"template":"","meta":{"site-sidebar-layout":"default","site-content-layout":"","ast-site-content-layout":"default","site-content-style":"default","site-sidebar-style":"default","ast-global-header-display":"","ast-banner-title-visibility":"","ast-main-header-display":"","ast-hfb-above-header-display":"","ast-hfb-below-header-display":"","ast-hfb-mobile-header-display":"","site-post-title":"","ast-breadcrumbs-content":"","ast-featured-img":"","footer-sml-layout":"","theme-transparent-header-meta":"default","adv-header-id-meta":"","stick-header-meta":"","header-above-stick-meta":"","header-main-stick-meta":"","header-below-stick-meta":"","astra-migrate-meta-layouts":"set"},"product_cat":[1387],"product_tag":[1010],"_links":{"self":[{"href":"https:\/\/pfkeepers.com\/english\/wp-json\/wp\/v2\/product\/47764"}],"collection":[{"href":"https:\/\/pfkeepers.com\/english\/wp-json\/wp\/v2\/product"}],"about":[{"href":"https:\/\/pfkeepers.com\/english\/wp-json\/wp\/v2\/types\/product"}],"wp:featuredmedia":[{"embeddable":true,"href":"https:\/\/pfkeepers.com\/english\/wp-json\/wp\/v2\/media\/358356"}],"wp:attachment":[{"href":"https:\/\/pfkeepers.com\/english\/wp-json\/wp\/v2\/media?parent=47764"}],"wp:term":[{"taxonomy":"product_cat","embeddable":true,"href":"https:\/\/pfkeepers.com\/english\/wp-json\/wp\/v2\/product_cat?post=47764"},{"taxonomy":"product_tag","embeddable":true,"href":"https:\/\/pfkeepers.com\/english\/wp-json\/wp\/v2\/product_tag?post=47764"}],"curies":[{"name":"wp","href":"https:\/\/api.w.org\/{rel}","templated":true}]}}