{"id":359118,"date":"2026-04-19T01:26:16","date_gmt":"2026-04-19T01:26:16","guid":{"rendered":"https:\/\/pfkeepers.com\/produto\/gobio-arco-iris-stiphodon-ornatus\/"},"modified":"2026-04-19T01:26:25","modified_gmt":"2026-04-19T01:26:25","slug":"gobio-arco-iris-stiphodon-ornatus","status":"publish","type":"product","link":"https:\/\/pfkeepers.com\/english\/product\/gobio-arco-iris-stiphodon-ornatus\/","title":{"rendered":"Gobio Arco-iris &#8211; Stiphodon ornatus"},"content":{"rendered":"<p>NOME COMUM<br \/>\nG\u00f3bio arco-\u00edris<\/p>\n<p>NOME CIENT\u00cdFICO<br \/>\nStiphodon ornatus<\/p>\n<p>FAM\u00cdLIA<br \/>\nGobiidae<\/p>\n<p>ORDEM<br \/>\nPerciformes<\/p>\n<p>PAR\u00c2METROS QU\u00cdMICOS<br \/>\nPrefere um pH de 6,5 a 8,0, dureza da \u00e1gua de 10 a 15 dGH e temperatura de 22 a 26 \u00b0C (72-79 \u00b0F).<\/p>\n<p>AQU\u00c1RIO<br \/>\nRecomenda-se um aqu\u00e1rio de pelo menos 75 litros com correntes de \u00e1gua moderadas e fortes. O substrato deve ser de cascalho fino e pedras com esconderijos.<\/p>\n<p>BIOTIPO<br \/>\nBent\u00f3nico de \u00e1gua doce.<\/p>\n<p>ORIGEM GEOGR\u00c1FICA<br \/>\n\u00c9 origin\u00e1rio da \u00c1sia e est\u00e1 distribu\u00eddo nas ilhas Ryukyu, Taiwan e Filipinas.<\/p>\n<p>MORFOLOGIA<br \/>\nOs machos podem atingir um comprimento padr\u00e3o de 6 cm. Os machos s\u00e3o mais coloridos, com cores brilhantes do arco-\u00edris.<\/p>\n<p>Feeding<br \/>\nAlimentador de aufwuchs, uma combina\u00e7\u00e3o de pequenos animais e plantas, encontrados em superf\u00edcies rochosas. Em um aqu\u00e1rio, aceitar\u00e1 alimentos em flocos e pequenos alimentos congelados.<\/p>\n<p>COMPORTAMENTO<br \/>\nS\u00e3o pac\u00edficos e devem ser mantidos em grupos de 6 ou mais. Os machos podem ser territoriais com outros machos.<\/p>\n<p>TEMPO DE VIDA<br \/>\nEmbora possa variar dependendo das condi\u00e7\u00f5es do aqu\u00e1rio e dos cuidados prestados, geralmente vivem cerca de 5 a 8 anos.<\/p>\n<p>REPRODU\u00c7\u00c3O<br \/>\nDesovam em cavernas. O macho atrair\u00e1 a f\u00eamea para um esconderijo adequado para desovar.<\/p>","protected":false},"excerpt":{"rendered":"<p>NOME COMUM G\u00f3bio arco-\u00edris NOME CIENT\u00cdFICO Stiphodon ornatus FAM\u00cdLIA Gobiidae ORDEM Perciformes PAR\u00c2METROS QU\u00cdMICOS Prefere um pH de 6,5 a 8,0, dureza da \u00e1gua de 10 a 15 dGH e temperatura de 22 a 26 \u00b0C (72-79 \u00b0F). AQU\u00c1RIO Recomenda-se um aqu\u00e1rio de pelo menos 75 litros com correntes de \u00e1gua moderadas e fortes. O &hellip;<\/p>\n<p class=\"read-more\"> <a class=\"\" href=\"https:\/\/pfkeepers.com\/english\/product\/gobio-arco-iris-stiphodon-ornatus\/\"> <span class=\"screen-reader-text\">Gobio Arco-iris &#8211; Stiphodon ornatus<\/span> Read More &raquo;<\/a><\/p>","protected":false},"featured_media":359119,"template":"","meta":{"site-sidebar-layout":"default","site-content-layout":"","ast-site-content-layout":"","site-content-style":"default","site-sidebar-style":"default","ast-global-header-display":"","ast-banner-title-visibility":"","ast-main-header-display":"","ast-hfb-above-header-display":"","ast-hfb-below-header-display":"","ast-hfb-mobile-header-display":"","site-post-title":"","ast-breadcrumbs-content":"","ast-featured-img":"","footer-sml-layout":"","theme-transparent-header-meta":"","adv-header-id-meta":"","stick-header-meta":"","header-above-stick-meta":"","header-main-stick-meta":"","header-below-stick-meta":"","astra-migrate-meta-layouts":""},"product_cat":[1510],"product_tag":[],"_links":{"self":[{"href":"https:\/\/pfkeepers.com\/english\/wp-json\/wp\/v2\/product\/359118"}],"collection":[{"href":"https:\/\/pfkeepers.com\/english\/wp-json\/wp\/v2\/product"}],"about":[{"href":"https:\/\/pfkeepers.com\/english\/wp-json\/wp\/v2\/types\/product"}],"wp:featuredmedia":[{"embeddable":true,"href":"https:\/\/pfkeepers.com\/english\/wp-json\/wp\/v2\/media\/359119"}],"wp:attachment":[{"href":"https:\/\/pfkeepers.com\/english\/wp-json\/wp\/v2\/media?parent=359118"}],"wp:term":[{"taxonomy":"product_cat","embeddable":true,"href":"https:\/\/pfkeepers.com\/english\/wp-json\/wp\/v2\/product_cat?post=359118"},{"taxonomy":"product_tag","embeddable":true,"href":"https:\/\/pfkeepers.com\/english\/wp-json\/wp\/v2\/product_tag?post=359118"}],"curies":[{"name":"wp","href":"https:\/\/api.w.org\/{rel}","templated":true}]}}