{"id":359091,"date":"2026-04-03T18:00:07","date_gmt":"2026-04-03T18:00:07","guid":{"rendered":"https:\/\/pfkeepers.com\/produto\/hygrophila-pinnatifida-coco-tropica\/"},"modified":"2026-04-19T01:28:03","modified_gmt":"2026-04-19T01:28:03","slug":"hygrophila-pinnatifida-coco-tropica","status":"publish","type":"product","link":"https:\/\/pfkeepers.com\/english\/product\/hygrophila-pinnatifida-coco-tropica\/","title":{"rendered":"Hygrophila pinnatifida Coco Tropica"},"content":{"rendered":"<p>Os cocos est\u00e3o a tornar-se cada vez mais populares entre os entusiastas de aqu\u00e1rios, tanto pela sua praticabilidade como pela sua est\u00e9tica.<\/p>\n<p>Decidimos combinar um dos nossos produtos mais vendidos, a bela Hygrophila pinnatifida, com as nossas cavernas de coco sustent\u00e1veis. A Hygrophila pinnatifida \u00e9 origin\u00e1ria da \u00cdndia. Com as suas folhas de superf\u00edcie castanha e manchada e a sua distinta cor bord\u00f4 na parte inferior, a Hygrophila pinnatifida \u00e9, sem d\u00favida, um elemento que chama a aten\u00e7\u00e3o. O crescimento \u00e9 moderado, com caules de 15 a 40 cm de altura e 10 a 20 cm de largura, e a cor \u00e9 atraente quando plantada em pequenos grupos com um fundo liso. Recomenda-se aparar os caules para um crescimento mais \u00abarbustivo\u00bb.<\/p>","protected":false},"excerpt":{"rendered":"<p>Os cocos est\u00e3o a tornar-se cada vez mais populares entre os entusiastas de aqu\u00e1rios, tanto pela sua praticabilidade como pela sua est\u00e9tica. Decidimos combinar um dos nossos produtos mais vendidos, a bela Hygrophila pinnatifida, com as nossas cavernas de coco sustent\u00e1veis. A Hygrophila pinnatifida \u00e9 origin\u00e1ria da \u00cdndia. Com as suas folhas de superf\u00edcie castanha &hellip;<\/p>\n<p class=\"read-more\"> <a class=\"\" href=\"https:\/\/pfkeepers.com\/english\/product\/hygrophila-pinnatifida-coco-tropica\/\"> <span class=\"screen-reader-text\">Hygrophila pinnatifida Coco Tropica<\/span> Read More &raquo;<\/a><\/p>","protected":false},"featured_media":359092,"template":"","meta":{"site-sidebar-layout":"default","site-content-layout":"","ast-site-content-layout":"","site-content-style":"default","site-sidebar-style":"default","ast-global-header-display":"","ast-banner-title-visibility":"","ast-main-header-display":"","ast-hfb-above-header-display":"","ast-hfb-below-header-display":"","ast-hfb-mobile-header-display":"","site-post-title":"","ast-breadcrumbs-content":"","ast-featured-img":"","footer-sml-layout":"","theme-transparent-header-meta":"","adv-header-id-meta":"","stick-header-meta":"","header-above-stick-meta":"","header-main-stick-meta":"","header-below-stick-meta":"","astra-migrate-meta-layouts":""},"product_cat":[1517],"product_tag":[],"_links":{"self":[{"href":"https:\/\/pfkeepers.com\/english\/wp-json\/wp\/v2\/product\/359091"}],"collection":[{"href":"https:\/\/pfkeepers.com\/english\/wp-json\/wp\/v2\/product"}],"about":[{"href":"https:\/\/pfkeepers.com\/english\/wp-json\/wp\/v2\/types\/product"}],"wp:featuredmedia":[{"embeddable":true,"href":"https:\/\/pfkeepers.com\/english\/wp-json\/wp\/v2\/media\/359092"}],"wp:attachment":[{"href":"https:\/\/pfkeepers.com\/english\/wp-json\/wp\/v2\/media?parent=359091"}],"wp:term":[{"taxonomy":"product_cat","embeddable":true,"href":"https:\/\/pfkeepers.com\/english\/wp-json\/wp\/v2\/product_cat?post=359091"},{"taxonomy":"product_tag","embeddable":true,"href":"https:\/\/pfkeepers.com\/english\/wp-json\/wp\/v2\/product_tag?post=359091"}],"curies":[{"name":"wp","href":"https:\/\/api.w.org\/{rel}","templated":true}]}}