{"id":359084,"date":"2026-03-30T18:58:31","date_gmt":"2026-03-30T18:58:31","guid":{"rendered":"https:\/\/pfkeepers.com\/produto\/medidor-de-ph\/"},"modified":"2026-04-19T01:27:46","modified_gmt":"2026-04-19T01:27:46","slug":"medidor-de-ph","status":"publish","type":"product","link":"https:\/\/pfkeepers.com\/english\/product\/medidor-de-ph\/","title":{"rendered":"Medidor de pH"},"content":{"rendered":"<p>O medidor de pH ARKA myAQUA\u00ae permite determinar de forma r\u00e1pida e precisa o valor do pH da \u00e1gua e de outros l\u00edquidos. \u00c9 ideal para utiliza\u00e7\u00e3o em qualquer aqu\u00e1rio, lago, piscina, bem como em \u00e1gua de osmose e \u00e1gua pot\u00e1vel.<\/p>\n<p>Detalhes:<br \/>\nIntervalo de medi\u00e7\u00e3o: 0,00 \u2013 14,00 pH<br \/>\nResolu\u00e7\u00e3o: 0,01 pH<br \/>\nPrecis\u00e3o: +\/- 0,01 pH<br \/>\nTemperatura de funcionamento: 0 \u2013 60 \u00b0C<br \/>\nPeso: 50 g<br \/>\nDimens\u00f5es: 155 x 30 x 18 mm<\/p>","protected":false},"excerpt":{"rendered":"<p>O medidor de pH ARKA myAQUA\u00ae permite determinar de forma r\u00e1pida e precisa o valor do pH da \u00e1gua e de outros l\u00edquidos. \u00c9 ideal para utiliza\u00e7\u00e3o em qualquer aqu\u00e1rio, lago, piscina, bem como em \u00e1gua de osmose e \u00e1gua pot\u00e1vel. Detalhes: Intervalo de medi\u00e7\u00e3o: 0,00 \u2013 14,00 pH Resolu\u00e7\u00e3o: 0,01 pH Precis\u00e3o: +\/- 0,01 &hellip;<\/p>\n<p class=\"read-more\"> <a class=\"\" href=\"https:\/\/pfkeepers.com\/english\/product\/medidor-de-ph\/\"> <span class=\"screen-reader-text\">Medidor de pH<\/span> Read More &raquo;<\/a><\/p>","protected":false},"featured_media":359085,"template":"","meta":{"site-sidebar-layout":"default","site-content-layout":"","ast-site-content-layout":"","site-content-style":"default","site-sidebar-style":"default","ast-global-header-display":"","ast-banner-title-visibility":"","ast-main-header-display":"","ast-hfb-above-header-display":"","ast-hfb-below-header-display":"","ast-hfb-mobile-header-display":"","site-post-title":"","ast-breadcrumbs-content":"","ast-featured-img":"","footer-sml-layout":"","theme-transparent-header-meta":"","adv-header-id-meta":"","stick-header-meta":"","header-above-stick-meta":"","header-main-stick-meta":"","header-below-stick-meta":"","astra-migrate-meta-layouts":""},"product_cat":[1690],"product_tag":[],"_links":{"self":[{"href":"https:\/\/pfkeepers.com\/english\/wp-json\/wp\/v2\/product\/359084"}],"collection":[{"href":"https:\/\/pfkeepers.com\/english\/wp-json\/wp\/v2\/product"}],"about":[{"href":"https:\/\/pfkeepers.com\/english\/wp-json\/wp\/v2\/types\/product"}],"wp:featuredmedia":[{"embeddable":true,"href":"https:\/\/pfkeepers.com\/english\/wp-json\/wp\/v2\/media\/359085"}],"wp:attachment":[{"href":"https:\/\/pfkeepers.com\/english\/wp-json\/wp\/v2\/media?parent=359084"}],"wp:term":[{"taxonomy":"product_cat","embeddable":true,"href":"https:\/\/pfkeepers.com\/english\/wp-json\/wp\/v2\/product_cat?post=359084"},{"taxonomy":"product_tag","embeddable":true,"href":"https:\/\/pfkeepers.com\/english\/wp-json\/wp\/v2\/product_tag?post=359084"}],"curies":[{"name":"wp","href":"https:\/\/api.w.org\/{rel}","templated":true}]}}