{"id":359082,"date":"2026-03-30T18:58:25","date_gmt":"2026-03-30T18:58:25","guid":{"rendered":"https:\/\/pfkeepers.com\/produto\/medidor-de-tds-ec\/"},"modified":"2026-04-19T01:27:40","modified_gmt":"2026-04-19T01:27:40","slug":"medidor-de-tds-ec","status":"publish","type":"product","link":"https:\/\/pfkeepers.com\/english\/product\/medidor-de-tds-ec\/","title":{"rendered":"Medidor de TDS\/EC"},"content":{"rendered":"<p>Valores de medi\u00e7\u00e3o precisos permitem tomar medidas espec\u00edficas, se necess\u00e1rio! Com este medidor de TDS\/EC, pode determinar rapidamente a quantidade de s\u00f3lidos dissolvidos (TDS) atrav\u00e9s da medi\u00e7\u00e3o de i\u00f5es e a condutividade el\u00e9trica (EC) da \u00e1gua. Tamb\u00e9m pode ler a temperatura da \u00e1gua! O instrumento \u00e9 adequado para aqu\u00e1rios de \u00e1gua doce e salgada.<\/p>\n<p>Nota: Estas leituras n\u00e3o fornecem qualquer informa\u00e7\u00e3o sobre res\u00edduos de pesticidas ou medicamentos!<\/p>\n<p>Informa\u00e7\u00f5es sobre as gamas de medi\u00e7\u00e3o<br \/>\nCondutividade: 0-9999 \u03bcs\/cm<br \/>\nTDS: 0-9999 ppm<br \/>\nCelsius: 0,1 &#8211; 80,0 \u00b0C Fahrenheit: 32,0 \u2013 176,0 \u00b0F<br \/>\nPrecis\u00e3o: +\/- 2%<\/p>\n<p>Inclui tamb\u00e9m solu\u00e7\u00e3o de calibra\u00e7\u00e3o.<\/p>","protected":false},"excerpt":{"rendered":"<p>Valores de medi\u00e7\u00e3o precisos permitem tomar medidas espec\u00edficas, se necess\u00e1rio! Com este medidor de TDS\/EC, pode determinar rapidamente a quantidade de s\u00f3lidos dissolvidos (TDS) atrav\u00e9s da medi\u00e7\u00e3o de i\u00f5es e a condutividade el\u00e9trica (EC) da \u00e1gua. Tamb\u00e9m pode ler a temperatura da \u00e1gua! O instrumento \u00e9 adequado para aqu\u00e1rios de \u00e1gua doce e salgada. Nota: &hellip;<\/p>\n<p class=\"read-more\"> <a class=\"\" href=\"https:\/\/pfkeepers.com\/english\/product\/medidor-de-tds-ec\/\"> <span class=\"screen-reader-text\">Medidor de TDS\/EC<\/span> Read More &raquo;<\/a><\/p>","protected":false},"featured_media":359083,"template":"","meta":{"site-sidebar-layout":"default","site-content-layout":"","ast-site-content-layout":"","site-content-style":"default","site-sidebar-style":"default","ast-global-header-display":"","ast-banner-title-visibility":"","ast-main-header-display":"","ast-hfb-above-header-display":"","ast-hfb-below-header-display":"","ast-hfb-mobile-header-display":"","site-post-title":"","ast-breadcrumbs-content":"","ast-featured-img":"","footer-sml-layout":"","theme-transparent-header-meta":"","adv-header-id-meta":"","stick-header-meta":"","header-above-stick-meta":"","header-main-stick-meta":"","header-below-stick-meta":"","astra-migrate-meta-layouts":""},"product_cat":[1690],"product_tag":[],"_links":{"self":[{"href":"https:\/\/pfkeepers.com\/english\/wp-json\/wp\/v2\/product\/359082"}],"collection":[{"href":"https:\/\/pfkeepers.com\/english\/wp-json\/wp\/v2\/product"}],"about":[{"href":"https:\/\/pfkeepers.com\/english\/wp-json\/wp\/v2\/types\/product"}],"wp:featuredmedia":[{"embeddable":true,"href":"https:\/\/pfkeepers.com\/english\/wp-json\/wp\/v2\/media\/359083"}],"wp:attachment":[{"href":"https:\/\/pfkeepers.com\/english\/wp-json\/wp\/v2\/media?parent=359082"}],"wp:term":[{"taxonomy":"product_cat","embeddable":true,"href":"https:\/\/pfkeepers.com\/english\/wp-json\/wp\/v2\/product_cat?post=359082"},{"taxonomy":"product_tag","embeddable":true,"href":"https:\/\/pfkeepers.com\/english\/wp-json\/wp\/v2\/product_tag?post=359082"}],"curies":[{"name":"wp","href":"https:\/\/api.w.org\/{rel}","templated":true}]}}