{"id":358650,"date":"2025-05-10T17:59:04","date_gmt":"2025-05-10T17:59:04","guid":{"rendered":"https:\/\/pfkeepers.com\/produto\/yokuchi-janguru-4l\/"},"modified":"2026-04-19T01:12:24","modified_gmt":"2026-04-19T01:12:24","slug":"yokuchi-janguru-4l","status":"publish","type":"product","link":"https:\/\/pfkeepers.com\/english\/product\/yokuchi-janguru-4l\/","title":{"rendered":"Yokuchi Janguru 4L"},"content":{"rendered":"<p>Um substrato especializado criado para o cultivo de plantas equatoriais ex\u00f3ticas, em terr\u00e1rios. \u00c9 elaborado com minerais naturais da mais alta qualidade, \u00e0 base de h\u00famus das florestas tropicais. \u00c9 caracterizada por uma solu\u00e7\u00e3o \u00e1cida, grande quantidade de h\u00famus (mat\u00e9ria org\u00e2nica) e um solo natural com alto teor de ferro. Al\u00e9m disso, o substrato foi complementado com carv\u00e3o ativado de alta qualidade. Absorve metais pesados \u200b\u200bt\u00f3xicos, neutraliza odores desagrad\u00e1veis \u200b\u200be previne a deteriora\u00e7\u00e3o das ra\u00edzes das plantas. A forma granulada aumenta a quantidade de oxig\u00eanio no substrato, que \u00e9 maior do que em um substrato normal. O oxig\u00eanio afeta o n\u00famero de microrganismos \u00fateis e permite que a planta realize trocas gasosas suaves atrav\u00e9s de seu sistema radicular.<br \/>\nModo de usar: Despeje a base Haisui (aproximadamente 4-5 cm) no fundo do recipiente. Depois, cubra com uma camada de terra Janguru, prepare os arranjos, plante as plantas e regue.<\/p>","protected":false},"excerpt":{"rendered":"<p>Um substrato especializado criado para o cultivo de plantas equatoriais ex\u00f3ticas, em terr\u00e1rios. \u00c9 elaborado com minerais naturais da mais alta qualidade, \u00e0 base de h\u00famus das florestas tropicais. \u00c9 caracterizada por uma solu\u00e7\u00e3o \u00e1cida, grande quantidade de h\u00famus (mat\u00e9ria org\u00e2nica) e um solo natural com alto teor de ferro. Al\u00e9m disso, o substrato foi &hellip;<\/p>\n<p class=\"read-more\"> <a class=\"\" href=\"https:\/\/pfkeepers.com\/english\/product\/yokuchi-janguru-4l\/\"> <span class=\"screen-reader-text\">Yokuchi Janguru 4L<\/span> Read More &raquo;<\/a><\/p>","protected":false},"featured_media":358714,"template":"","meta":{"site-sidebar-layout":"default","site-content-layout":"","ast-site-content-layout":"default","site-content-style":"default","site-sidebar-style":"default","ast-global-header-display":"","ast-banner-title-visibility":"","ast-main-header-display":"","ast-hfb-above-header-display":"","ast-hfb-below-header-display":"","ast-hfb-mobile-header-display":"","site-post-title":"","ast-breadcrumbs-content":"","ast-featured-img":"","footer-sml-layout":"","theme-transparent-header-meta":"default","adv-header-id-meta":"","stick-header-meta":"","header-above-stick-meta":"","header-main-stick-meta":"","header-below-stick-meta":"","astra-migrate-meta-layouts":"set"},"product_cat":[1463],"product_tag":[],"_links":{"self":[{"href":"https:\/\/pfkeepers.com\/english\/wp-json\/wp\/v2\/product\/358650"}],"collection":[{"href":"https:\/\/pfkeepers.com\/english\/wp-json\/wp\/v2\/product"}],"about":[{"href":"https:\/\/pfkeepers.com\/english\/wp-json\/wp\/v2\/types\/product"}],"wp:featuredmedia":[{"embeddable":true,"href":"https:\/\/pfkeepers.com\/english\/wp-json\/wp\/v2\/media\/358714"}],"wp:attachment":[{"href":"https:\/\/pfkeepers.com\/english\/wp-json\/wp\/v2\/media?parent=358650"}],"wp:term":[{"taxonomy":"product_cat","embeddable":true,"href":"https:\/\/pfkeepers.com\/english\/wp-json\/wp\/v2\/product_cat?post=358650"},{"taxonomy":"product_tag","embeddable":true,"href":"https:\/\/pfkeepers.com\/english\/wp-json\/wp\/v2\/product_tag?post=358650"}],"curies":[{"name":"wp","href":"https:\/\/api.w.org\/{rel}","templated":true}]}}