{"id":358603,"date":"2025-05-02T10:36:24","date_gmt":"2025-05-02T10:36:24","guid":{"rendered":"https:\/\/pfkeepers.com\/produto\/buchephalandra-sp-green\/"},"modified":"2026-04-19T01:10:01","modified_gmt":"2026-04-19T01:10:01","slug":"buchephalandra-sp-green","status":"publish","type":"product","link":"https:\/\/pfkeepers.com\/english\/product\/buchephalandra-sp-green\/","title":{"rendered":"Buchephalandra sp Green"},"content":{"rendered":"<p>Na natureza, a Bucephalandra geralmente cresce em pedras ou madeira em rios e c\u00f3rregos &#8211; muito parecida com a Anubias, com quem se assemelha em termos de uso e cuidado no aqu\u00e1rio.<\/p>\n<p>O caule rasteiro, rizoma, n\u00e3o deve ser coberto durante o plantio. Isso far\u00e1 com que a planta apodre\u00e7a e morra.<\/p>\n<p>Origem Born\u00e9u<br \/>\n\u00c1rea\/altura: Primeiro plano at\u00e9 8 cm<br \/>\nLuz: m\u00e9dio &#8211; baixo<br \/>\nTemperatura 20 &#8211; 28 C.<br \/>\nCrescimento: lento<br \/>\npH: 5 &#8211; 8<br \/>\nDureza da \u00e1gua:    macio &#8211; m\u00e9dio<br \/>\nCO2: 0-20 mg\/l<br \/>\nPropaga\u00e7\u00e3o: estacas de rizoma<br \/>\nDificuldade: F\u00e1cil<\/p>","protected":false},"excerpt":{"rendered":"<p>Na natureza, a Bucephalandra geralmente cresce em pedras ou madeira em rios e c\u00f3rregos &#8211; muito parecida com a Anubias, com quem se assemelha em termos de uso e cuidado no aqu\u00e1rio. O caule rasteiro, rizoma, n\u00e3o deve ser coberto durante o plantio. Isso far\u00e1 com que a planta apodre\u00e7a e morra. Origem Born\u00e9u \u00c1rea\/altura: &hellip;<\/p>\n<p class=\"read-more\"> <a class=\"\" href=\"https:\/\/pfkeepers.com\/english\/product\/buchephalandra-sp-green\/\"> <span class=\"screen-reader-text\">Buchephalandra sp Green<\/span> Read More &raquo;<\/a><\/p>","protected":false},"featured_media":358604,"template":"","meta":{"site-sidebar-layout":"default","site-content-layout":"","ast-site-content-layout":"","site-content-style":"default","site-sidebar-style":"default","ast-global-header-display":"","ast-banner-title-visibility":"","ast-main-header-display":"","ast-hfb-above-header-display":"","ast-hfb-below-header-display":"","ast-hfb-mobile-header-display":"","site-post-title":"","ast-breadcrumbs-content":"","ast-featured-img":"","footer-sml-layout":"","theme-transparent-header-meta":"","adv-header-id-meta":"","stick-header-meta":"","header-above-stick-meta":"","header-main-stick-meta":"","header-below-stick-meta":"","astra-migrate-meta-layouts":""},"product_cat":[1511],"product_tag":[],"_links":{"self":[{"href":"https:\/\/pfkeepers.com\/english\/wp-json\/wp\/v2\/product\/358603"}],"collection":[{"href":"https:\/\/pfkeepers.com\/english\/wp-json\/wp\/v2\/product"}],"about":[{"href":"https:\/\/pfkeepers.com\/english\/wp-json\/wp\/v2\/types\/product"}],"wp:featuredmedia":[{"embeddable":true,"href":"https:\/\/pfkeepers.com\/english\/wp-json\/wp\/v2\/media\/358604"}],"wp:attachment":[{"href":"https:\/\/pfkeepers.com\/english\/wp-json\/wp\/v2\/media?parent=358603"}],"wp:term":[{"taxonomy":"product_cat","embeddable":true,"href":"https:\/\/pfkeepers.com\/english\/wp-json\/wp\/v2\/product_cat?post=358603"},{"taxonomy":"product_tag","embeddable":true,"href":"https:\/\/pfkeepers.com\/english\/wp-json\/wp\/v2\/product_tag?post=358603"}],"curies":[{"name":"wp","href":"https:\/\/api.w.org\/{rel}","templated":true}]}}