{"id":358143,"date":"2025-03-07T19:18:33","date_gmt":"2025-03-07T19:18:33","guid":{"rendered":"https:\/\/pfkeepers.com\/produto\/sera-scaper-root-s-25-30cm\/"},"modified":"2026-04-19T01:04:30","modified_gmt":"2026-04-19T01:04:30","slug":"sera-scaper-root-s-25-30cm","status":"publish","type":"product","link":"https:\/\/pfkeepers.com\/english\/product\/sera-scaper-root-s-25-30cm\/","title":{"rendered":"Sera Scaper Root S 25-30cm"},"content":{"rendered":"<p>Raiz em filigrana, em tr\u00eas dimens\u00f5es diferentes<\/p>\n<p>A sera Scaper Root \u00e9 uma raiz especialmente formada em filigrana que \u00e9 ideal para a r\u00e9plica de paisagens. A sua cor em castanho-escuro em estado seco tem um efeito quase preto quando submersa na \u00e1gua. Se pretende colocar a raiz livremente no aqu\u00e1rio, esta dever\u00e1 ser regada antes da coloca\u00e7\u00e3o de modo a n\u00e3o flutuar. Como alternativa, pode ser colocada no aqu\u00e1rio com a ajuda do peso de pedras ou outras ra\u00edzes.<\/p>\n<p>Ao contr\u00e1rio das outras ra\u00edzes comuns que se encontram no mercado, sobre as quais \u00e9 frequente o crescimento inicial inest\u00e9tico de bact\u00e9rias, sobre a sera Scaper Root assenta apenas um biofilme quase invis\u00edvel, servindo de fonte de alimento aos camar\u00f5es e aos carac\u00f3is.<\/p>\n<p>A sera Scaper Root est\u00e1 dispon\u00edvel em tr\u00eas tamanhos:<\/p>\n<p>sera Scaper Root XS: 18 \u2013 20 cm<br \/>\nsera Scaper Root S: 25 \u2013 30 cm<br \/>\nsera Scaper Root M: 30 \u2013 35 cm<br \/>\nPara a planta\u00e7\u00e3o aconselha-se, por exemplo, diversos tipos de musgo, tais como Musgo de Java ou Musgo Phoenix (Fissidens fontanus), que podem ser atados com a ajuda de fio de pesca. Mas mesmo sem plantas a raiz em filigrana passa a ser um chamariz no aqu\u00e1rio.<\/p>\n<p>Por se tratar de um produto natural, este pode ter poss\u00edveis varia\u00e7\u00f5es em rela\u00e7\u00e3o \u00e0 imagem.<\/p>","protected":false},"excerpt":{"rendered":"<p>Raiz em filigrana, em tr\u00eas dimens\u00f5es diferentes A sera Scaper Root \u00e9 uma raiz especialmente formada em filigrana que \u00e9 ideal para a r\u00e9plica de paisagens. A sua cor em castanho-escuro em estado seco tem um efeito quase preto quando submersa na \u00e1gua. Se pretende colocar a raiz livremente no aqu\u00e1rio, esta dever\u00e1 ser regada &hellip;<\/p>\n<p class=\"read-more\"> <a class=\"\" href=\"https:\/\/pfkeepers.com\/english\/product\/sera-scaper-root-s-25-30cm\/\"> <span class=\"screen-reader-text\">Sera Scaper Root S 25-30cm<\/span> Read More &raquo;<\/a><\/p>","protected":false},"featured_media":358144,"template":"","meta":{"site-sidebar-layout":"default","site-content-layout":"","ast-site-content-layout":"","site-content-style":"default","site-sidebar-style":"default","ast-global-header-display":"","ast-banner-title-visibility":"","ast-main-header-display":"","ast-hfb-above-header-display":"","ast-hfb-below-header-display":"","ast-hfb-mobile-header-display":"","site-post-title":"","ast-breadcrumbs-content":"","ast-featured-img":"","footer-sml-layout":"","theme-transparent-header-meta":"","adv-header-id-meta":"","stick-header-meta":"","header-above-stick-meta":"","header-main-stick-meta":"","header-below-stick-meta":"","astra-migrate-meta-layouts":""},"product_cat":[1785],"product_tag":[1038],"_links":{"self":[{"href":"https:\/\/pfkeepers.com\/english\/wp-json\/wp\/v2\/product\/358143"}],"collection":[{"href":"https:\/\/pfkeepers.com\/english\/wp-json\/wp\/v2\/product"}],"about":[{"href":"https:\/\/pfkeepers.com\/english\/wp-json\/wp\/v2\/types\/product"}],"wp:featuredmedia":[{"embeddable":true,"href":"https:\/\/pfkeepers.com\/english\/wp-json\/wp\/v2\/media\/358144"}],"wp:attachment":[{"href":"https:\/\/pfkeepers.com\/english\/wp-json\/wp\/v2\/media?parent=358143"}],"wp:term":[{"taxonomy":"product_cat","embeddable":true,"href":"https:\/\/pfkeepers.com\/english\/wp-json\/wp\/v2\/product_cat?post=358143"},{"taxonomy":"product_tag","embeddable":true,"href":"https:\/\/pfkeepers.com\/english\/wp-json\/wp\/v2\/product_tag?post=358143"}],"curies":[{"name":"wp","href":"https:\/\/api.w.org\/{rel}","templated":true}]}}