{"id":358081,"date":"2025-03-07T19:15:40","date_gmt":"2025-03-07T19:15:40","guid":{"rendered":"https:\/\/pfkeepers.com\/produto\/sera-rede-fina-20cm\/"},"modified":"2026-04-19T01:01:15","modified_gmt":"2026-04-19T01:01:15","slug":"sera-rede-fina-20cm","status":"publish","type":"product","link":"https:\/\/pfkeepers.com\/english\/product\/sera-rede-fina-20cm\/","title":{"rendered":"Sera Fish Net Fine Mesh 20cm"},"content":{"rendered":"<p>Antes da utiliza\u00e7\u00e3o devem ser enxaguadas. O material \u00e9 macio e mole. Assim os peixes n\u00e3o s\u00e3o magoados ao serem capturados.<\/p>\n<p>20 cm \/ 8\u201d<br \/>\nMalha fina: 0,5 x 1 mm<\/p>","protected":false},"excerpt":{"rendered":"<p>Antes da utiliza\u00e7\u00e3o devem ser enxaguadas. O material \u00e9 macio e mole. Assim os peixes n\u00e3o s\u00e3o magoados ao serem capturados. 20 cm \/ 8\u201d Malha fina: 0,5 x 1 mm<\/p>","protected":false},"featured_media":358082,"template":"","meta":{"site-sidebar-layout":"default","site-content-layout":"","ast-site-content-layout":"","site-content-style":"default","site-sidebar-style":"default","ast-global-header-display":"","ast-banner-title-visibility":"","ast-main-header-display":"","ast-hfb-above-header-display":"","ast-hfb-below-header-display":"","ast-hfb-mobile-header-display":"","site-post-title":"","ast-breadcrumbs-content":"","ast-featured-img":"","footer-sml-layout":"","theme-transparent-header-meta":"","adv-header-id-meta":"","stick-header-meta":"","header-above-stick-meta":"","header-main-stick-meta":"","header-below-stick-meta":"","astra-migrate-meta-layouts":""},"product_cat":[1570],"product_tag":[1038],"_links":{"self":[{"href":"https:\/\/pfkeepers.com\/english\/wp-json\/wp\/v2\/product\/358081"}],"collection":[{"href":"https:\/\/pfkeepers.com\/english\/wp-json\/wp\/v2\/product"}],"about":[{"href":"https:\/\/pfkeepers.com\/english\/wp-json\/wp\/v2\/types\/product"}],"wp:featuredmedia":[{"embeddable":true,"href":"https:\/\/pfkeepers.com\/english\/wp-json\/wp\/v2\/media\/358082"}],"wp:attachment":[{"href":"https:\/\/pfkeepers.com\/english\/wp-json\/wp\/v2\/media?parent=358081"}],"wp:term":[{"taxonomy":"product_cat","embeddable":true,"href":"https:\/\/pfkeepers.com\/english\/wp-json\/wp\/v2\/product_cat?post=358081"},{"taxonomy":"product_tag","embeddable":true,"href":"https:\/\/pfkeepers.com\/english\/wp-json\/wp\/v2\/product_tag?post=358081"}],"curies":[{"name":"wp","href":"https:\/\/api.w.org\/{rel}","templated":true}]}}