{"id":357846,"date":"2025-02-11T20:28:04","date_gmt":"2025-02-11T20:28:04","guid":{"rendered":"https:\/\/pfkeepers.com\/produto\/chaetodon-lunula\/"},"modified":"2026-04-19T00:16:17","modified_gmt":"2026-04-19T00:16:17","slug":"chaetodon-lunula","status":"publish","type":"product","link":"https:\/\/pfkeepers.com\/english\/product\/chaetodon-lunula\/","title":{"rendered":"Chaetodon lunula"},"content":{"rendered":"<p>N\u00edvel de cuidados: F\u00e1cil<\/p>\n<p>Temperamento: Pac\u00edfico<\/p>\n<p>Forma de cor: Preto, Laranja, Branco, Amarelo<\/p>\n<p>Dieta: Omn\u00edvoro<\/p>\n<p>Compat\u00edvel com recife: N\u00e3o<\/p>\n<p>Condi\u00e7\u00f5es da \u00e1gua: sg 1,020-1,025, 72-78\u00b0 F, dKH 8-12, pH 8,1-8,4<\/p>\n<p>Fam\u00edlia: Chaetodontidae<\/p>\n<p>O peixe-borboleta-guaxinim \u00e9 amarelo-alaranjado, mas mais escuro na metade superior do corpo. Possui uma mancha preta em redor dos olhos, com uma larga faixa branca posterior. Duas riscas pretas com bordas amarelas v\u00e3o da risca branca at\u00e9 \u00e0 barbatana dorsal.<br \/>\nO peixe-borboleta-guaxinim \u00e9 um peixe pac\u00edfico que pode viver num aqu\u00e1rio de 125 litros ou mais, apenas para peixes, com outros peixes-borboleta. N\u00e3o deve ser mantido num aqu\u00e1rio de recife, pois come invertebrados e \u00e9 considerado perigoso para os corais.<\/p>\n<p>Quando adquirido pela primeira vez, se ele n\u00e3o comer, pode ser tentado com uma pequena an\u00e9mona. Uma vez aclimatado, pode ser alimentado com uma dieta variada de alimentos carnudos, carne de crust\u00e1ceos, camar\u00e3o mysis e prepara\u00e7\u00f5es congeladas v\u00e1rias vezes ao dia.<\/p>","protected":false},"excerpt":{"rendered":"<p>N\u00edvel de cuidados: F\u00e1cil Temperamento: Pac\u00edfico Forma de cor: Preto, Laranja, Branco, Amarelo Dieta: Omn\u00edvoro Compat\u00edvel com recife: N\u00e3o Condi\u00e7\u00f5es da \u00e1gua: sg 1,020-1,025, 72-78\u00b0 F, dKH 8-12, pH 8,1-8,4 Fam\u00edlia: Chaetodontidae O peixe-borboleta-guaxinim \u00e9 amarelo-alaranjado, mas mais escuro na metade superior do corpo. Possui uma mancha preta em redor dos olhos, com uma larga &hellip;<\/p>\n<p class=\"read-more\"> <a class=\"\" href=\"https:\/\/pfkeepers.com\/english\/product\/chaetodon-lunula\/\"> <span class=\"screen-reader-text\">Chaetodon lunula<\/span> Read More &raquo;<\/a><\/p>","protected":false},"featured_media":357847,"template":"","meta":{"site-sidebar-layout":"default","site-content-layout":"","ast-site-content-layout":"default","site-content-style":"default","site-sidebar-style":"default","ast-global-header-display":"","ast-banner-title-visibility":"","ast-main-header-display":"","ast-hfb-above-header-display":"","ast-hfb-below-header-display":"","ast-hfb-mobile-header-display":"","site-post-title":"","ast-breadcrumbs-content":"","ast-featured-img":"","footer-sml-layout":"","theme-transparent-header-meta":"default","adv-header-id-meta":"","stick-header-meta":"","header-above-stick-meta":"","header-main-stick-meta":"","header-below-stick-meta":"","astra-migrate-meta-layouts":"set"},"product_cat":[1355],"product_tag":[],"_links":{"self":[{"href":"https:\/\/pfkeepers.com\/english\/wp-json\/wp\/v2\/product\/357846"}],"collection":[{"href":"https:\/\/pfkeepers.com\/english\/wp-json\/wp\/v2\/product"}],"about":[{"href":"https:\/\/pfkeepers.com\/english\/wp-json\/wp\/v2\/types\/product"}],"wp:featuredmedia":[{"embeddable":true,"href":"https:\/\/pfkeepers.com\/english\/wp-json\/wp\/v2\/media\/357847"}],"wp:attachment":[{"href":"https:\/\/pfkeepers.com\/english\/wp-json\/wp\/v2\/media?parent=357846"}],"wp:term":[{"taxonomy":"product_cat","embeddable":true,"href":"https:\/\/pfkeepers.com\/english\/wp-json\/wp\/v2\/product_cat?post=357846"},{"taxonomy":"product_tag","embeddable":true,"href":"https:\/\/pfkeepers.com\/english\/wp-json\/wp\/v2\/product_tag?post=357846"}],"curies":[{"name":"wp","href":"https:\/\/api.w.org\/{rel}","templated":true}]}}