{"id":357137,"date":"2024-12-13T20:04:56","date_gmt":"2024-12-13T20:04:56","guid":{"rendered":"https:\/\/pfkeepers.com\/produto\/ocean-nutrition-insectpro-flakes-34g\/"},"modified":"2026-04-18T23:47:43","modified_gmt":"2026-04-18T23:47:43","slug":"ocean-nutrition-insectpro-flakes-34g","status":"publish","type":"product","link":"https:\/\/pfkeepers.com\/english\/product\/ocean-nutrition-insectpro-flakes-34g\/","title":{"rendered":"Gamma Fresh Water Complete 60g"},"content":{"rendered":"<p>A Alimenta\u00e7\u00e3o mais natural para peixes micro-predadores<br \/>\nA nova f\u00f3rmula de InsectPro da OceanNutrition \u00e9 a alimenta\u00e7\u00e3o mais natural para peixes de \u00e1gua doce.<br \/>\nAlimento \u00e0 base de insectos.<br \/>\nInsectPro Ocean Nutrition: Dieta natural para peixes tropicais de \u00e1gua doce.<br \/>\nComposi\u00e7\u00e3o \u00e0 base de insetos (Larvas de bicho da seda, moscas, grilos e larvas de mosquito)<br \/>\nProvoca resposta instintiva de alimenta\u00e7\u00e3o de peixes microdepredadores<br \/>\nEste alimento cont\u00e9m fontes naturais de antioxidantes e astaxantina<\/p>","protected":false},"excerpt":{"rendered":"<p>A Alimenta\u00e7\u00e3o mais natural para peixes micro-predadores A nova f\u00f3rmula de InsectPro da OceanNutrition \u00e9 a alimenta\u00e7\u00e3o mais natural para peixes de \u00e1gua doce. Alimento \u00e0 base de insectos. InsectPro Ocean Nutrition: Dieta natural para peixes tropicais de \u00e1gua doce. Composi\u00e7\u00e3o \u00e0 base de insetos (Larvas de bicho da seda, moscas, grilos e larvas de &hellip;<\/p>\n<p class=\"read-more\"> <a class=\"\" href=\"https:\/\/pfkeepers.com\/english\/product\/ocean-nutrition-insectpro-flakes-34g\/\"> <span class=\"screen-reader-text\">Gamma Fresh Water Complete 60g<\/span> Read More &raquo;<\/a><\/p>","protected":false},"featured_media":357138,"template":"","meta":{"site-sidebar-layout":"default","site-content-layout":"","ast-site-content-layout":"default","site-content-style":"default","site-sidebar-style":"default","ast-global-header-display":"","ast-banner-title-visibility":"","ast-main-header-display":"","ast-hfb-above-header-display":"","ast-hfb-below-header-display":"","ast-hfb-mobile-header-display":"","site-post-title":"","ast-breadcrumbs-content":"","ast-featured-img":"","footer-sml-layout":"","theme-transparent-header-meta":"default","adv-header-id-meta":"","stick-header-meta":"","header-above-stick-meta":"","header-main-stick-meta":"","header-below-stick-meta":"","astra-migrate-meta-layouts":"set"},"product_cat":[1479],"product_tag":[978],"_links":{"self":[{"href":"https:\/\/pfkeepers.com\/english\/wp-json\/wp\/v2\/product\/357137"}],"collection":[{"href":"https:\/\/pfkeepers.com\/english\/wp-json\/wp\/v2\/product"}],"about":[{"href":"https:\/\/pfkeepers.com\/english\/wp-json\/wp\/v2\/types\/product"}],"wp:featuredmedia":[{"embeddable":true,"href":"https:\/\/pfkeepers.com\/english\/wp-json\/wp\/v2\/media\/357138"}],"wp:attachment":[{"href":"https:\/\/pfkeepers.com\/english\/wp-json\/wp\/v2\/media?parent=357137"}],"wp:term":[{"taxonomy":"product_cat","embeddable":true,"href":"https:\/\/pfkeepers.com\/english\/wp-json\/wp\/v2\/product_cat?post=357137"},{"taxonomy":"product_tag","embeddable":true,"href":"https:\/\/pfkeepers.com\/english\/wp-json\/wp\/v2\/product_tag?post=357137"}],"curies":[{"name":"wp","href":"https:\/\/api.w.org\/{rel}","templated":true}]}}