{"id":342468,"date":"2024-11-27T01:39:49","date_gmt":"2024-11-27T01:39:49","guid":{"rendered":"https:\/\/pfkeepers.com\/produto\/leptodictyum-riparium-1-2-grow-tropica\/"},"modified":"2026-04-19T00:58:37","modified_gmt":"2026-04-19T00:58:37","slug":"leptodictyum-riparium-1-2-grow-tropica","status":"publish","type":"product","link":"https:\/\/pfkeepers.com\/english\/product\/leptodictyum-riparium-1-2-grow-tropica\/","title":{"rendered":"Leptodictyum riparium 1-2 Grow Tropica"},"content":{"rendered":"<p>Leptodictyum riparium \u00e9 um musgo esguio e ereto que tolera altas e baixas temperaturas. Leptodictyum riparium \u00e9 frequentemente chamado de &#8220;musgo fibroso&#8221; e \u00e9 encontrado em quase todo o mundo, mas acredita-se que tenha se originado na Europa. Tem uma cor verde intensa e ligeiramente transparente. Um musgo pouco exigente e f\u00e1cil que pode aderir a rochas e ra\u00edzes de \u00e1rvores no aqu\u00e1rio. O crescimento \u00e9 vigoroso e r\u00e1pido, portanto, \u00e9 necess\u00e1rio aparar regularmente.<br \/>\nUma planta geralmente boa para iniciantes que desejam um efeito \u00fanico no aqu\u00e1rio. O musgo \u00e9 popular em aqu\u00e1rios nano, e muitas vezes usado como cobertura e cuidado da ninhada.<\/p>\n<p>Informa\u00e7\u00f5es da planta:<\/p>\n<p>Tipo: Musgo<br \/>\nOrigem: Cosmopolita<br \/>\nTaxa de crescimento: M\u00e9dio<br \/>\nAltura: 3 &#8211; 10+<br \/>\ndemanda de luz: Baixo<br \/>\nCO2: Baixo<\/p>","protected":false},"excerpt":{"rendered":"<p>Leptodictyum riparium \u00e9 um musgo esguio e ereto que tolera altas e baixas temperaturas. Leptodictyum riparium \u00e9 frequentemente chamado de &#8220;musgo fibroso&#8221; e \u00e9 encontrado em quase todo o mundo, mas acredita-se que tenha se originado na Europa. Tem uma cor verde intensa e ligeiramente transparente. Um musgo pouco exigente e f\u00e1cil que pode aderir &hellip;<\/p>\n<p class=\"read-more\"> <a class=\"\" href=\"https:\/\/pfkeepers.com\/english\/product\/leptodictyum-riparium-1-2-grow-tropica\/\"> <span class=\"screen-reader-text\">Leptodictyum riparium 1-2 Grow Tropica<\/span> Read More &raquo;<\/a><\/p>","protected":false},"featured_media":342469,"template":"","meta":{"site-sidebar-layout":"default","site-content-layout":"","ast-site-content-layout":"default","site-content-style":"default","site-sidebar-style":"default","ast-global-header-display":"","ast-banner-title-visibility":"","ast-main-header-display":"","ast-hfb-above-header-display":"","ast-hfb-below-header-display":"","ast-hfb-mobile-header-display":"","site-post-title":"","ast-breadcrumbs-content":"","ast-featured-img":"","footer-sml-layout":"","theme-transparent-header-meta":"default","adv-header-id-meta":"","stick-header-meta":"","header-above-stick-meta":"","header-main-stick-meta":"","header-below-stick-meta":"","astra-migrate-meta-layouts":"set"},"product_cat":[1513],"product_tag":[1064],"_links":{"self":[{"href":"https:\/\/pfkeepers.com\/english\/wp-json\/wp\/v2\/product\/342468"}],"collection":[{"href":"https:\/\/pfkeepers.com\/english\/wp-json\/wp\/v2\/product"}],"about":[{"href":"https:\/\/pfkeepers.com\/english\/wp-json\/wp\/v2\/types\/product"}],"wp:featuredmedia":[{"embeddable":true,"href":"https:\/\/pfkeepers.com\/english\/wp-json\/wp\/v2\/media\/342469"}],"wp:attachment":[{"href":"https:\/\/pfkeepers.com\/english\/wp-json\/wp\/v2\/media?parent=342468"}],"wp:term":[{"taxonomy":"product_cat","embeddable":true,"href":"https:\/\/pfkeepers.com\/english\/wp-json\/wp\/v2\/product_cat?post=342468"},{"taxonomy":"product_tag","embeddable":true,"href":"https:\/\/pfkeepers.com\/english\/wp-json\/wp\/v2\/product_tag?post=342468"}],"curies":[{"name":"wp","href":"https:\/\/api.w.org\/{rel}","templated":true}]}}