{"id":285744,"date":"2024-10-22T00:00:27","date_gmt":"2024-10-22T00:00:27","guid":{"rendered":"https:\/\/pfkeepers.com\/produto\/bucephalandra-sordidula-blue-pot-tropica\/"},"modified":"2026-04-19T00:58:02","modified_gmt":"2026-04-19T00:58:02","slug":"bucephalandra-sordidula-blue-pot-tropica","status":"publish","type":"product","link":"https:\/\/pfkeepers.com\/english\/product\/bucephalandra-sordidula-blue-pot-tropica\/","title":{"rendered":"Bucephalandra sordidula &#8216;Blue&#8217; pot Tropica"},"content":{"rendered":"<p>Informa\u00e7\u00f5es da planta<br \/>\nOrigem: \u00c1sia<br \/>\nTaxa de crescimento: Lento<br \/>\nAltura: 5 &#8211; 10+<br \/>\nDemanda de luz: Baixo<br \/>\nCO2 : Baixo <\/p>","protected":false},"excerpt":{"rendered":"<p>Informa\u00e7\u00f5es da planta Origem: \u00c1sia Taxa de crescimento: Lento Altura: 5 &#8211; 10+ Demanda de luz: Baixo CO2 : Baixo<\/p>","protected":false},"featured_media":285745,"template":"","meta":{"site-sidebar-layout":"default","site-content-layout":"","ast-site-content-layout":"","site-content-style":"default","site-sidebar-style":"default","ast-global-header-display":"","ast-banner-title-visibility":"","ast-main-header-display":"","ast-hfb-above-header-display":"","ast-hfb-below-header-display":"","ast-hfb-mobile-header-display":"","site-post-title":"","ast-breadcrumbs-content":"","ast-featured-img":"","footer-sml-layout":"","theme-transparent-header-meta":"","adv-header-id-meta":"","stick-header-meta":"","header-above-stick-meta":"","header-main-stick-meta":"","header-below-stick-meta":"","astra-migrate-meta-layouts":""},"product_cat":[1511],"product_tag":[1064],"_links":{"self":[{"href":"https:\/\/pfkeepers.com\/english\/wp-json\/wp\/v2\/product\/285744"}],"collection":[{"href":"https:\/\/pfkeepers.com\/english\/wp-json\/wp\/v2\/product"}],"about":[{"href":"https:\/\/pfkeepers.com\/english\/wp-json\/wp\/v2\/types\/product"}],"wp:featuredmedia":[{"embeddable":true,"href":"https:\/\/pfkeepers.com\/english\/wp-json\/wp\/v2\/media\/285745"}],"wp:attachment":[{"href":"https:\/\/pfkeepers.com\/english\/wp-json\/wp\/v2\/media?parent=285744"}],"wp:term":[{"taxonomy":"product_cat","embeddable":true,"href":"https:\/\/pfkeepers.com\/english\/wp-json\/wp\/v2\/product_cat?post=285744"},{"taxonomy":"product_tag","embeddable":true,"href":"https:\/\/pfkeepers.com\/english\/wp-json\/wp\/v2\/product_tag?post=285744"}],"curies":[{"name":"wp","href":"https:\/\/api.w.org\/{rel}","templated":true}]}}