{"id":190167,"date":"2024-07-19T18:11:25","date_gmt":"2024-07-19T18:11:25","guid":{"rendered":"https:\/\/pfkeepers.com\/produto\/fluval-breeding-box-1-9l\/"},"modified":"2026-04-19T00:57:04","modified_gmt":"2026-04-19T00:57:04","slug":"fluval-breeding-box-1-9l","status":"publish","type":"product","link":"https:\/\/pfkeepers.com\/english\/product\/fluval-breeding-box-1-9l\/","title":{"rendered":"Fluval  Breeding Box 1.9L"},"content":{"rendered":"<p>Fluval Breeding Box \u00e9 uma maternidade segura localizada na parte externa do aqu\u00e1rio para melhor visualiza\u00e7\u00e3o e manuten\u00e7\u00e3o. Podemos fazer circular a \u00e1gua do aqu\u00e1rio pela maternidade utilizando uma bomba de ar (bomba e a mangueira s\u00e3o vendidos separadamente) oxigenando-a e mantendo a mesma temperatura da \u00e1gua do aqu\u00e1rio principal.<\/p>\n<p>Caracteristicas:<\/p>\n<p>Multifuncional.<\/p>\n<p>Recipiente seguro e protegido para reprodu\u00e7\u00e3o, isolamento ou aclimata\u00e7\u00e3o de peixes.<\/p>\n<p>Design compacto, facilmente instalado na parte externa do aqu\u00e1rio.<\/p>\n<p>Os alevinos ficam seguros, separados dos adultos, gra\u00e7as ao separador \u201cV\u201d (exceto caixa de cria\u00e7\u00e3o grande Ref. 10943).<\/p>\n<p>A Caixa de Cria\u00e7\u00e3o Fluval Grande Ref. 10943 \u00e9 ideal para aclimata\u00e7\u00e3o de peixes marinhos.<\/p>\n<p>Para o correto funcionamento da caixa de cria\u00e7\u00e3o Marina s\u00e3o necess\u00e1rias uma bomba e uma mangueira de ar. Eles s\u00e3o vendidos separadamente.<\/p>\n<p>Tamanhos:<\/p>\n<p>Maternidade Grande:  26 x 8,5 x 12 cm Capacidade: 2000 ml.<\/p>","protected":false},"excerpt":{"rendered":"<p>Fluval Breeding Box \u00e9 uma maternidade segura localizada na parte externa do aqu\u00e1rio para melhor visualiza\u00e7\u00e3o e manuten\u00e7\u00e3o. Podemos fazer circular a \u00e1gua do aqu\u00e1rio pela maternidade utilizando uma bomba de ar (bomba e a mangueira s\u00e3o vendidos separadamente) oxigenando-a e mantendo a mesma temperatura da \u00e1gua do aqu\u00e1rio principal. Caracteristicas: Multifuncional. Recipiente seguro e &hellip;<\/p>\n<p class=\"read-more\"> <a class=\"\" href=\"https:\/\/pfkeepers.com\/english\/product\/fluval-breeding-box-1-9l\/\"> <span class=\"screen-reader-text\">Fluval  Breeding Box 1.9L<\/span> Read More &raquo;<\/a><\/p>","protected":false},"featured_media":190168,"template":"","meta":{"site-sidebar-layout":"default","site-content-layout":"","ast-site-content-layout":"default","site-content-style":"default","site-sidebar-style":"default","ast-global-header-display":"","ast-banner-title-visibility":"","ast-main-header-display":"","ast-hfb-above-header-display":"","ast-hfb-below-header-display":"","ast-hfb-mobile-header-display":"","site-post-title":"","ast-breadcrumbs-content":"","ast-featured-img":"","footer-sml-layout":"","theme-transparent-header-meta":"default","adv-header-id-meta":"","stick-header-meta":"","header-above-stick-meta":"","header-main-stick-meta":"","header-below-stick-meta":"","astra-migrate-meta-layouts":"set"},"product_cat":[1577],"product_tag":[738],"_links":{"self":[{"href":"https:\/\/pfkeepers.com\/english\/wp-json\/wp\/v2\/product\/190167"}],"collection":[{"href":"https:\/\/pfkeepers.com\/english\/wp-json\/wp\/v2\/product"}],"about":[{"href":"https:\/\/pfkeepers.com\/english\/wp-json\/wp\/v2\/types\/product"}],"wp:featuredmedia":[{"embeddable":true,"href":"https:\/\/pfkeepers.com\/english\/wp-json\/wp\/v2\/media\/190168"}],"wp:attachment":[{"href":"https:\/\/pfkeepers.com\/english\/wp-json\/wp\/v2\/media?parent=190167"}],"wp:term":[{"taxonomy":"product_cat","embeddable":true,"href":"https:\/\/pfkeepers.com\/english\/wp-json\/wp\/v2\/product_cat?post=190167"},{"taxonomy":"product_tag","embeddable":true,"href":"https:\/\/pfkeepers.com\/english\/wp-json\/wp\/v2\/product_tag?post=190167"}],"curies":[{"name":"wp","href":"https:\/\/api.w.org\/{rel}","templated":true}]}}