{"id":138692,"date":"2024-05-15T15:47:56","date_gmt":"2024-05-15T15:47:56","guid":{"rendered":"https:\/\/pfkeepers.com\/produto\/bsp-fittonia-verde\/"},"modified":"2026-04-19T00:31:11","modified_gmt":"2026-04-19T00:31:11","slug":"bsp-fittonia-verde","status":"publish","type":"product","link":"https:\/\/pfkeepers.com\/english\/product\/bsp-fittonia-verde\/","title":{"rendered":"BSP Fittonia Green"},"content":{"rendered":"<p>ORIGEM: Am\u00e9rica do Sul<\/p>\n<p>LUZ NECESS\u00c1RIA: baixa<\/p>\n<p>TEMPERATURATEMPERATURA<br \/>\n18-28\u00baC<\/p>\n<p>FACILIDADE DE CULTIVO: M\u00e9dia<\/p>\n<p>COR: Bicolor<\/p>\n<p>DESCRI\u00c7\u00c3O<br \/>\nO desenho na folha \u00e9 muito bonito. Mais do que uma planta de aqu\u00e1rio, \u00e9 uma planta de palud\u00e1rio. Pode viver muito tempo neste ambiente e \u00e9 muito \u00fatil. Esta Fittonia \u00e9 muito utilizada em ambientes h\u00famidos. O uso de plantas \u00e9 ideal para todos os aqu\u00e1rios. N\u00e3o s\u00f3 mant\u00eam o seu aqu\u00e1rio mais saud\u00e1vel, mais est\u00e1vel (e claro muito mais bonito), mas tamb\u00e9m tornam os seus peixes mais saud\u00e1veis \u200b\u200be num ambiente muito mais agrad\u00e1vel.<\/p>","protected":false},"excerpt":{"rendered":"<p>ORIGEM: Am\u00e9rica do Sul LUZ NECESS\u00c1RIA: baixa TEMPERATURATEMPERATURA 18-28\u00baC FACILIDADE DE CULTIVO: M\u00e9dia COR: Bicolor DESCRI\u00c7\u00c3O O desenho na folha \u00e9 muito bonito. Mais do que uma planta de aqu\u00e1rio, \u00e9 uma planta de palud\u00e1rio. Pode viver muito tempo neste ambiente e \u00e9 muito \u00fatil. Esta Fittonia \u00e9 muito utilizada em ambientes h\u00famidos. O uso &hellip;<\/p>\n<p class=\"read-more\"> <a class=\"\" href=\"https:\/\/pfkeepers.com\/english\/product\/bsp-fittonia-verde\/\"> <span class=\"screen-reader-text\">BSP Fittonia Green<\/span> Read More &raquo;<\/a><\/p>","protected":false},"featured_media":138693,"template":"","meta":{"site-sidebar-layout":"default","site-content-layout":"","ast-site-content-layout":"","site-content-style":"default","site-sidebar-style":"default","ast-global-header-display":"","ast-banner-title-visibility":"","ast-main-header-display":"","ast-hfb-above-header-display":"","ast-hfb-below-header-display":"","ast-hfb-mobile-header-display":"","site-post-title":"","ast-breadcrumbs-content":"","ast-featured-img":"","footer-sml-layout":"","theme-transparent-header-meta":"","adv-header-id-meta":"","stick-header-meta":"","header-above-stick-meta":"","header-main-stick-meta":"","header-below-stick-meta":"","astra-migrate-meta-layouts":""},"product_cat":[1511],"product_tag":[],"_links":{"self":[{"href":"https:\/\/pfkeepers.com\/english\/wp-json\/wp\/v2\/product\/138692"}],"collection":[{"href":"https:\/\/pfkeepers.com\/english\/wp-json\/wp\/v2\/product"}],"about":[{"href":"https:\/\/pfkeepers.com\/english\/wp-json\/wp\/v2\/types\/product"}],"wp:featuredmedia":[{"embeddable":true,"href":"https:\/\/pfkeepers.com\/english\/wp-json\/wp\/v2\/media\/138693"}],"wp:attachment":[{"href":"https:\/\/pfkeepers.com\/english\/wp-json\/wp\/v2\/media?parent=138692"}],"wp:term":[{"taxonomy":"product_cat","embeddable":true,"href":"https:\/\/pfkeepers.com\/english\/wp-json\/wp\/v2\/product_cat?post=138692"},{"taxonomy":"product_tag","embeddable":true,"href":"https:\/\/pfkeepers.com\/english\/wp-json\/wp\/v2\/product_tag?post=138692"}],"curies":[{"name":"wp","href":"https:\/\/api.w.org\/{rel}","templated":true}]}}