{"id":113929,"date":"2024-04-26T00:16:47","date_gmt":"2024-04-26T00:16:47","guid":{"rendered":"https:\/\/pfkeepers.com\/produto\/twinstar-light-100g\/"},"modified":"2026-04-19T00:55:31","modified_gmt":"2026-04-19T00:55:31","slug":"twinstar-light-100g","status":"publish","type":"product","link":"https:\/\/pfkeepers.com\/english\/product\/twinstar-light-100g\/","title":{"rendered":"Twinstar Light 100G"},"content":{"rendered":"<p>S\u00e9rie G-Line. L\u00e2mpada \u00e0 prova d&#8217;\u00e1gua .<br \/>\nNovo LED personalizado da TWINSTAR para criar o espectro ideal para o crescimento das plantas e aumentar a visibilidade.<\/p>\n<p>Tamb\u00e9m compat\u00edvel com aqu\u00e1rios com T5 e T8 utilizando o adaptador inclu\u00eddo.<br \/>\n733533ed-3af7-88a1-db9c-a7dc2d8bac53<br \/>\nEle incorpora n\u00e3o apenas duas cores, azul (464 nm ~ 480 nm) e vermelho (617 nm ~ 630 nm), mas toda a luz necess\u00e1ria para o crescimento das plantas em um \u00fanico pacote.<br \/>\nComo verificar? Isso \u00e9 simples.<br \/>\nUma vez instaladas, as plantas responder\u00e3o instantaneamente e voc\u00ea poder\u00e1 observar a fotoss\u00edntese para o crescimento das plantas.<br \/>\nd0a28ece-5f31-3104-611a-36eb1347e395<br \/>\nESPECIFICA\u00c7\u00d5ES<\/p>\n<p>Temperatura de cor: 11000K<br \/>\nFonte de LED: Espectro total 380-780nm (patente pendente) + RGB<br \/>\nQuantidade de LED: 35 LED laranja + 48 RGB<br \/>\nPot\u00eancia: 32W<br \/>\nBrilho: 1972lm<br \/>\nCertifica\u00e7\u00e3o: KC, CE<br \/>\n\u00c0 prova d&#8217;\u00e1gua<br \/>\nTamanho do produto (mm): 780 (comprimento), 46 (largura), 15 (altura)<br \/>\nPara tamanhos de aqu\u00e1rios (mm): 789 \u2013 1110<br \/>\nINCLUI<\/p>\n<p>Luz LED<br \/>\nCarregador<br \/>\nSuportes<br \/>\nAdaptador T5\/T8<br \/>\nControlador Twinstar \u2013 Ligado\/Desligado, Nascer\/P\u00f4r do Sol, Dimmer e Temporizador de 7 etapas<\/p>","protected":false},"excerpt":{"rendered":"<p>S\u00e9rie G-Line. L\u00e2mpada \u00e0 prova d&#8217;\u00e1gua . Novo LED personalizado da TWINSTAR para criar o espectro ideal para o crescimento das plantas e aumentar a visibilidade. Tamb\u00e9m compat\u00edvel com aqu\u00e1rios com T5 e T8 utilizando o adaptador inclu\u00eddo. 733533ed-3af7-88a1-db9c-a7dc2d8bac53 Ele incorpora n\u00e3o apenas duas cores, azul (464 nm ~ 480 nm) e vermelho (617 nm &hellip;<\/p>\n<p class=\"read-more\"> <a class=\"\" href=\"https:\/\/pfkeepers.com\/english\/product\/twinstar-light-100g\/\"> <span class=\"screen-reader-text\">Twinstar Light 100G<\/span> Read More &raquo;<\/a><\/p>","protected":false},"featured_media":113930,"template":"","meta":{"site-sidebar-layout":"default","site-content-layout":"","ast-site-content-layout":"","site-content-style":"default","site-sidebar-style":"default","ast-global-header-display":"","ast-banner-title-visibility":"","ast-main-header-display":"","ast-hfb-above-header-display":"","ast-hfb-below-header-display":"","ast-hfb-mobile-header-display":"","site-post-title":"","ast-breadcrumbs-content":"","ast-featured-img":"","footer-sml-layout":"","theme-transparent-header-meta":"","adv-header-id-meta":"","stick-header-meta":"","header-above-stick-meta":"","header-main-stick-meta":"","header-below-stick-meta":"","astra-migrate-meta-layouts":""},"product_cat":[1401],"product_tag":[1070],"_links":{"self":[{"href":"https:\/\/pfkeepers.com\/english\/wp-json\/wp\/v2\/product\/113929"}],"collection":[{"href":"https:\/\/pfkeepers.com\/english\/wp-json\/wp\/v2\/product"}],"about":[{"href":"https:\/\/pfkeepers.com\/english\/wp-json\/wp\/v2\/types\/product"}],"wp:featuredmedia":[{"embeddable":true,"href":"https:\/\/pfkeepers.com\/english\/wp-json\/wp\/v2\/media\/113930"}],"wp:attachment":[{"href":"https:\/\/pfkeepers.com\/english\/wp-json\/wp\/v2\/media?parent=113929"}],"wp:term":[{"taxonomy":"product_cat","embeddable":true,"href":"https:\/\/pfkeepers.com\/english\/wp-json\/wp\/v2\/product_cat?post=113929"},{"taxonomy":"product_tag","embeddable":true,"href":"https:\/\/pfkeepers.com\/english\/wp-json\/wp\/v2\/product_tag?post=113929"}],"curies":[{"name":"wp","href":"https:\/\/api.w.org\/{rel}","templated":true}]}}